{"id":2952,"date":"2025-01-22T03:48:24","date_gmt":"2025-01-22T03:48:24","guid":{"rendered":"https:\/\/congnghebangtai.com\/?page_id=2952"},"modified":"2025-02-13T04:38:17","modified_gmt":"2025-02-13T04:38:17","slug":"con-lan-chong-lech-nhanh-co-tai-chuyen-dung-dang-hinh-con","status":"publish","type":"page","link":"https:\/\/congnghebangtai.com\/?page_id=2952","title":{"rendered":"Con L\u0103n Ch\u1ed1ng L\u1ec7ch Nh\u00e1nh C\u00f3 T\u1ea3i Chuy\u00ean D\u1ee5ng D\u1ea1ng H\u00ecnh C\u00f4n"},"content":{"rendered":"<style>.kadence-column2952_715465-80 > .kt-inside-inner-col,.kadence-column2952_715465-80 > .kt-inside-inner-col:before{border-top-left-radius:0px;border-top-right-radius:0px;border-bottom-right-radius:0px;border-bottom-left-radius:0px;}.kadence-column2952_715465-80 > .kt-inside-inner-col:before{opacity:0.3;}.kadence-column2952_715465-80{position:relative;}<\/style>\n<div class=\"wp-block-kadence-column kadence-column2952_715465-80\"><div class=\"kt-inside-inner-col\">\n<div class=\"wp-block-columns is-layout-flex wp-container-core-columns-is-layout-9d6595d7 wp-block-columns-is-layout-flex\">\n<div class=\"wp-block-column is-layout-flow wp-block-column-is-layout-flow\" style=\"flex-basis:66.66%\">\n<h2 class=\"wp-block-heading\">Con L\u0103n Ch\u1ed1ng L\u1ec7ch Nh\u00e1nh C\u00f3 T\u1ea3i Chuy\u00ean D\u1ee5ng D\u1ea1ng H\u00ecnh C\u00f4n<\/h2>\n\n\n\n<p class=\"has-text-align-left\">Con L\u0103n Ch\u1ed1ng L\u1ec7ch D\u1ea1ng H\u00ecnh C\u00f4n \u0111\u01b0\u1ee3c thi\u1ebft k\u1ebf \u0111\u1ec3 \u0111i\u1ec1u ch\u1ec9nh sai l\u1ec7ch b\u0103ng t\u1ea3i cho c\u00e1c \u1ee9ng d\u1ee5ng c\u1ee5 th\u1ec3, bao g\u1ed3m b\u0103ng t\u1ea3i t\u1ea3i n\u1eb7ng, \u1ee9ng d\u1ee5ng t\u1ed1c \u0111\u1ed9 cao v\u00e0 c\u00e1c h\u1ea1n ch\u1ebf l\u1eafp \u0111\u1eb7t do t\u1ea5m che ho\u1eb7c b\u0103ng t\u1ea3i nh\u1eb7t h\u00e0ng.<\/p>\n<\/div>\n\n\n\n<div class=\"wp-block-column is-layout-flow wp-block-column-is-layout-flow\" style=\"flex-basis:33.33%\">\n<figure class=\"wp-block-embed aligncenter is-type-video is-provider-youtube wp-block-embed-youtube wp-embed-aspect-16-9 wp-has-aspect-ratio\"><div class=\"wp-block-embed__wrapper\">\n<iframe title=\"TRU-TRAC HD TROUGH TRACKER\" width=\"720\" height=\"405\" src=\"https:\/\/www.youtube.com\/embed\/EoHuNWFAD00?feature=oembed\" frameborder=\"0\" allow=\"accelerometer; autoplay; clipboard-write; encrypted-media; gyroscope; picture-in-picture; web-share\" referrerpolicy=\"strict-origin-when-cross-origin\" allowfullscreen><\/iframe>\n<\/div><\/figure>\n<\/div>\n<\/div>\n<\/div><\/div>\n\n\n<style>.kadence-column2952_3add38-68 > .kt-inside-inner-col,.kadence-column2952_3add38-68 > .kt-inside-inner-col:before{border-top-left-radius:0px;border-top-right-radius:0px;border-bottom-right-radius:0px;border-bottom-left-radius:0px;}.kadence-column2952_3add38-68 > .kt-inside-inner-col:before{opacity:0.3;}.kadence-column2952_3add38-68{position:relative;}<\/style>\n<div class=\"wp-block-kadence-column kadence-column2952_3add38-68\"><div class=\"kt-inside-inner-col\">\n<p><\/p>\n\n\n\n<h2 class=\"wp-block-heading has-text-align-center\">C\u00e1c Ch\u1ee7ng Lo\u1ea1i<\/h2>\n<\/div><\/div>\n\n\n<style>.kadence-column2952_1a26bd-d8 > .kt-inside-inner-col,.kadence-column2952_1a26bd-d8 > .kt-inside-inner-col:before{border-top-left-radius:0px;border-top-right-radius:0px;border-bottom-right-radius:0px;border-bottom-left-radius:0px;}.kadence-column2952_1a26bd-d8 > .kt-inside-inner-col:before{opacity:0.3;}.kadence-column2952_1a26bd-d8{position:relative;}<\/style>\n<div class=\"wp-block-kadence-column kadence-column2952_1a26bd-d8\"><div class=\"kt-inside-inner-col\">\n<div class=\"wp-block-columns is-layout-flex wp-container-core-columns-is-layout-9d6595d7 wp-block-columns-is-layout-flex\">\n<div class=\"wp-block-column is-layout-flow wp-block-column-is-layout-flow\"><style>.kb-image2952_15e855-14 .kb-image-has-overlay:after{opacity:0.3;}<\/style>\n<div class=\"wp-block-kadence-image kb-image2952_15e855-14\"><figure class=\"aligncenter size-full\"><a href=\"https:\/\/congnghebangtai.com\/?page_id=3709\" class=\"kb-advanced-image-link\"><img fetchpriority=\"high\" decoding=\"async\" width=\"500\" height=\"380\" src=\"https:\/\/congnghebangtai.com\/wp-content\/uploads\/2025\/01\/03-min-1-2.png\" alt=\"\" class=\"kb-img wp-image-3060\" srcset=\"https:\/\/congnghebangtai.com\/wp-content\/uploads\/2025\/01\/03-min-1-2.png 500w, https:\/\/congnghebangtai.com\/wp-content\/uploads\/2025\/01\/03-min-1-2-300x228.png 300w\" sizes=\"(max-width: 500px) 100vw, 500px\" \/><\/a><\/figure><\/div>\n\n\n\n<h2 class=\"wp-block-heading has-text-align-center\"><a href=\"https:\/\/congnghebangtai.com\/?page_id=3709\">Con L\u0103n Ch\u1ed1ng L\u1ec7ch Nh\u00e1nh C\u00f3 T\u1ea3i <br>D\u1ea1ng H\u00ecnh C\u00f4n H\u1ea1ng N\u1eb7ng<\/a><\/h2>\n<\/div>\n\n\n\n<div class=\"wp-block-column is-layout-flow wp-block-column-is-layout-flow\"><style>.kb-image2952_ced80d-58 .kb-image-has-overlay:after{opacity:0.3;}<\/style>\n<div class=\"wp-block-kadence-image kb-image2952_ced80d-58\"><figure class=\"aligncenter size-full\"><a href=\"https:\/\/congnghebangtai.com\/?page_id=3709\" class=\"kb-advanced-image-link\"><img decoding=\"async\" width=\"500\" height=\"380\" src=\"https:\/\/congnghebangtai.com\/wp-content\/uploads\/2025\/01\/02-min-1-1.png\" alt=\"\" class=\"kb-img wp-image-3059\" srcset=\"https:\/\/congnghebangtai.com\/wp-content\/uploads\/2025\/01\/02-min-1-1.png 500w, https:\/\/congnghebangtai.com\/wp-content\/uploads\/2025\/01\/02-min-1-1-300x228.png 300w\" sizes=\"(max-width: 500px) 100vw, 500px\" \/><\/a><\/figure><\/div>\n\n\n\n<h2 class=\"wp-block-heading has-text-align-center\"><a href=\"https:\/\/congnghebangtai.com\/?page_id=3709\">Con L\u0103n Ch\u1ed1ng L\u1ec7ch B\u0103ng T\u1ea3i<br> D\u1ea1ng H\u00ecnh C\u00f4n<\/a><\/h2>\n<\/div>\n<\/div>\n<\/div><\/div>\n\n\n\n<p><\/p>\n","protected":false},"excerpt":{"rendered":"<p>Con L\u0103n Ch\u1ed1ng L\u1ec7ch Nh\u00e1nh C\u00f3 T\u1ea3i Chuy\u00ean D\u1ee5ng D\u1ea1ng H\u00ecnh C\u00f4n Con L\u0103n Ch\u1ed1ng L\u1ec7ch D\u1ea1ng H\u00ecnh C\u00f4n \u0111\u01b0\u1ee3c thi\u1ebft k\u1ebf \u0111\u1ec3 \u0111i\u1ec1u ch\u1ec9nh sai l\u1ec7ch b\u0103ng t\u1ea3i cho c\u00e1c \u1ee9ng d\u1ee5ng c\u1ee5 th\u1ec3, bao g\u1ed3m b\u0103ng t\u1ea3i t\u1ea3i n\u1eb7ng, \u1ee9ng d\u1ee5ng t\u1ed1c \u0111\u1ed9 cao v\u00e0 c\u00e1c h\u1ea1n ch\u1ebf l\u1eafp \u0111\u1eb7t do t\u1ea5m che&#8230;<\/p>\n","protected":false},"author":1,"featured_media":0,"parent":0,"menu_order":0,"comment_status":"closed","ping_status":"closed","template":"","meta":{"_kad_blocks_custom_css":"","_kad_blocks_head_custom_js":"","_kad_blocks_body_custom_js":"","_kad_blocks_footer_custom_js":"","_kad_post_transparent":"","_kad_post_title":"","_kad_post_layout":"","_kad_post_sidebar_id":"","_kad_post_content_style":"","_kad_post_vertical_padding":"","_kad_post_feature":"","_kad_post_feature_position":"","_kad_post_header":false,"_kad_post_footer":false,"footnotes":""},"class_list":["post-2952","page","type-page","status-publish","hentry"],"taxonomy_info":[],"featured_image_src_large":false,"author_info":{"display_name":"admin","author_link":"https:\/\/congnghebangtai.com\/?author=1"},"comment_info":0,"_links":{"self":[{"href":"https:\/\/congnghebangtai.com\/index.php?rest_route=\/wp\/v2\/pages\/2952","targetHints":{"allow":["GET"]}}],"collection":[{"href":"https:\/\/congnghebangtai.com\/index.php?rest_route=\/wp\/v2\/pages"}],"about":[{"href":"https:\/\/congnghebangtai.com\/index.php?rest_route=\/wp\/v2\/types\/page"}],"author":[{"embeddable":true,"href":"https:\/\/congnghebangtai.com\/index.php?rest_route=\/wp\/v2\/users\/1"}],"replies":[{"embeddable":true,"href":"https:\/\/congnghebangtai.com\/index.php?rest_route=%2Fwp%2Fv2%2Fcomments&post=2952"}],"version-history":[{"count":6,"href":"https:\/\/congnghebangtai.com\/index.php?rest_route=\/wp\/v2\/pages\/2952\/revisions"}],"predecessor-version":[{"id":3715,"href":"https:\/\/congnghebangtai.com\/index.php?rest_route=\/wp\/v2\/pages\/2952\/revisions\/3715"}],"wp:attachment":[{"href":"https:\/\/congnghebangtai.com\/index.php?rest_route=%2Fwp%2Fv2%2Fmedia&parent=2952"}],"curies":[{"name":"wp","href":"https:\/\/api.w.org\/{rel}","templated":true}]}}