{"id":2986,"date":"2025-01-22T06:57:16","date_gmt":"2025-01-22T06:57:16","guid":{"rendered":"https:\/\/congnghebangtai.com\/?page_id=2986"},"modified":"2025-01-23T04:02:06","modified_gmt":"2025-01-23T04:02:06","slug":"moi-noi-bang-tai","status":"publish","type":"page","link":"https:\/\/congnghebangtai.com\/?page_id=2986","title":{"rendered":"M\u1ed0I N\u1ed0I B\u0102NG T\u1ea2I"},"content":{"rendered":"<style>.kadence-column2986_baf5f8-34 > .kt-inside-inner-col,.kadence-column2986_baf5f8-34 > .kt-inside-inner-col:before{border-top-left-radius:0px;border-top-right-radius:0px;border-bottom-right-radius:0px;border-bottom-left-radius:0px;}.kadence-column2986_baf5f8-34 > .kt-inside-inner-col:before{opacity:0.3;}.kadence-column2986_baf5f8-34{position:relative;}<\/style>\n<div class=\"wp-block-kadence-column kadence-column2986_baf5f8-34\"><div class=\"kt-inside-inner-col\">\n<div class=\"wp-block-columns is-layout-flex wp-container-core-columns-is-layout-9d6595d7 wp-block-columns-is-layout-flex\">\n<div class=\"wp-block-column is-layout-flow wp-block-column-is-layout-flow\">\n<div class=\"wp-block-kadence-slider kb-advanced-slider kb-advanced-slider-2986_428da9-a6\"><div class=\"kb-advanced-slider-inner-contain\"><div class=\"kb-blocks-advanced-carousel kt-blocks-carousel kt-carousel-container-dotstyle-dark\"><div class=\"kb-blocks-advanced-slider-init kb-slider-loading kb-blocks-slider kt-carousel-arrowstyle-whiteondark kt-carousel-dotstyle-dark kb-slider-size-ratio kb-slider-ratio-12-5 kb-slider-tab-ratio-inherit kb-slider-mobile-ratio-inherit\" data-slider-anim-speed=\"400\" data-slider-type=\"slider\" data-slider-scroll=\"1\" data-slider-fade=\"true\" data-slider-arrows=\"true\" data-slider-dots=\"true\" data-slider-hover-pause=\"false\" data-slider-auto=\"true\" data-slider-speed=\"7000\">\n<div class=\"wp-block-kadence-slide kb-advanced-slide-item kb-slide-2986_ddf682-1d\"><div class=\"kb-advanced-slide\"><div class=\"kb-advanced-slide-inner-wrap\"><div class=\"kb-advanced-slide-inner\"><style>.kb-image2986_993bed-95 .kb-image-has-overlay:after{opacity:0.3;}<\/style>\n<div class=\"wp-block-kadence-image kb-image2986_993bed-95\"><figure class=\"aligncenter size-full\"><a href=\"https:\/\/congnghebangtai.com\/?page_id=3005\" class=\"kb-advanced-image-link\"><img fetchpriority=\"high\" decoding=\"async\" width=\"600\" height=\"400\" src=\"https:\/\/congnghebangtai.com\/wp-content\/uploads\/2025\/01\/IMG_1205.jpg\" alt=\"\" class=\"kb-img wp-image-2987\" srcset=\"https:\/\/congnghebangtai.com\/wp-content\/uploads\/2025\/01\/IMG_1205.jpg 600w, https:\/\/congnghebangtai.com\/wp-content\/uploads\/2025\/01\/IMG_1205-300x200.jpg 300w\" sizes=\"(max-width: 600px) 100vw, 600px\" \/><\/a><\/figure><\/div>\n<\/div><\/div><\/div><\/div>\n\n\n\n<div class=\"wp-block-kadence-slide kb-advanced-slide-item kb-slide-2986_2aa816-13\"><div class=\"kb-advanced-slide\"><div class=\"kb-advanced-slide-inner-wrap\"><div class=\"kb-advanced-slide-inner\"><style>.kb-image2986_bbfd70-d7 .kb-image-has-overlay:after{opacity:0.3;}<\/style>\n<div class=\"wp-block-kadence-image kb-image2986_bbfd70-d7\"><figure class=\"aligncenter size-large\"><a href=\"https:\/\/congnghebangtai.com\/?page_id=3005\" class=\"kb-advanced-image-link\"><img decoding=\"async\" width=\"1024\" height=\"768\" src=\"https:\/\/congnghebangtai.com\/wp-content\/uploads\/2025\/01\/z2864745219873_2d9dcf75b30228f78cac484913904769-1024x768.jpg\" alt=\"\" class=\"kb-img wp-image-2992\" srcset=\"https:\/\/congnghebangtai.com\/wp-content\/uploads\/2025\/01\/z2864745219873_2d9dcf75b30228f78cac484913904769-1024x768.jpg 1024w, https:\/\/congnghebangtai.com\/wp-content\/uploads\/2025\/01\/z2864745219873_2d9dcf75b30228f78cac484913904769-300x225.jpg 300w, https:\/\/congnghebangtai.com\/wp-content\/uploads\/2025\/01\/z2864745219873_2d9dcf75b30228f78cac484913904769-768x576.jpg 768w, https:\/\/congnghebangtai.com\/wp-content\/uploads\/2025\/01\/z2864745219873_2d9dcf75b30228f78cac484913904769-1536x1152.jpg 1536w, https:\/\/congnghebangtai.com\/wp-content\/uploads\/2025\/01\/z2864745219873_2d9dcf75b30228f78cac484913904769-2048x1536.jpg 2048w, https:\/\/congnghebangtai.com\/wp-content\/uploads\/2025\/01\/z2864745219873_2d9dcf75b30228f78cac484913904769-700x525.jpg 700w\" sizes=\"(max-width: 1024px) 100vw, 1024px\" \/><\/a><\/figure><\/div>\n<\/div><\/div><\/div><\/div>\n\n\n\n<div class=\"wp-block-kadence-slide kb-advanced-slide-item kb-slide-2986_f65152-cb\"><div class=\"kb-advanced-slide\"><div class=\"kb-advanced-slide-inner-wrap\"><div class=\"kb-advanced-slide-inner\"><style>.kb-image2986_3cb6e7-95 .kb-image-has-overlay:after{opacity:0.3;}<\/style>\n<div class=\"wp-block-kadence-image kb-image2986_3cb6e7-95\"><figure class=\"aligncenter size-full\"><a href=\"https:\/\/congnghebangtai.com\/?page_id=3008\" class=\"kb-advanced-image-link\"><img decoding=\"async\" width=\"705\" height=\"294\" src=\"https:\/\/congnghebangtai.com\/wp-content\/uploads\/2025\/01\/fixn-go-2-705x294-1.png\" alt=\"\" class=\"kb-img wp-image-3001\" srcset=\"https:\/\/congnghebangtai.com\/wp-content\/uploads\/2025\/01\/fixn-go-2-705x294-1.png 705w, https:\/\/congnghebangtai.com\/wp-content\/uploads\/2025\/01\/fixn-go-2-705x294-1-300x125.png 300w, https:\/\/congnghebangtai.com\/wp-content\/uploads\/2025\/01\/fixn-go-2-705x294-1-700x292.png 700w\" sizes=\"(max-width: 705px) 100vw, 705px\" \/><\/a><\/figure><\/div>\n<\/div><\/div><\/div><\/div>\n\n\n\n<div class=\"wp-block-kadence-slide kb-advanced-slide-item kb-slide-2986_b5cfdd-00\"><div class=\"kb-advanced-slide\"><div class=\"kb-advanced-slide-inner-wrap\"><div class=\"kb-advanced-slide-inner\"><style>.kadence-column2986_6aac86-58 > .kt-inside-inner-col,.kadence-column2986_6aac86-58 > .kt-inside-inner-col:before{border-top-left-radius:0px;border-top-right-radius:0px;border-bottom-right-radius:0px;border-bottom-left-radius:0px;}.kadence-column2986_6aac86-58 > .kt-inside-inner-col:before{opacity:0.3;}.kadence-column2986_6aac86-58{position:relative;}<\/style>\n<div class=\"wp-block-kadence-column kadence-column2986_6aac86-58\"><div class=\"kt-inside-inner-col\"><style>.kb-image2986_ed2486-60 .kb-image-has-overlay:after{opacity:0.3;}<\/style>\n<div class=\"wp-block-kadence-image kb-image2986_ed2486-60\"><figure class=\"aligncenter size-large\"><a href=\"https:\/\/congnghebangtai.com\/?page_id=3008\" class=\"kb-advanced-image-link\"><img loading=\"lazy\" decoding=\"async\" width=\"1024\" height=\"632\" src=\"https:\/\/congnghebangtai.com\/wp-content\/uploads\/2025\/01\/z2803051896599_bce0504755b0696098bee9714d9aeca8-1024x632.jpg\" alt=\"\" class=\"kb-img wp-image-2989\" srcset=\"https:\/\/congnghebangtai.com\/wp-content\/uploads\/2025\/01\/z2803051896599_bce0504755b0696098bee9714d9aeca8-1024x632.jpg 1024w, https:\/\/congnghebangtai.com\/wp-content\/uploads\/2025\/01\/z2803051896599_bce0504755b0696098bee9714d9aeca8-300x185.jpg 300w, https:\/\/congnghebangtai.com\/wp-content\/uploads\/2025\/01\/z2803051896599_bce0504755b0696098bee9714d9aeca8-768x474.jpg 768w, https:\/\/congnghebangtai.com\/wp-content\/uploads\/2025\/01\/z2803051896599_bce0504755b0696098bee9714d9aeca8-700x432.jpg 700w, https:\/\/congnghebangtai.com\/wp-content\/uploads\/2025\/01\/z2803051896599_bce0504755b0696098bee9714d9aeca8.jpg 1242w\" sizes=\"(max-width: 1024px) 100vw, 1024px\" \/><\/a><\/figure><\/div>\n<\/div><\/div>\n<\/div><\/div><\/div><\/div>\n\n\n\n<div class=\"wp-block-kadence-slide kb-advanced-slide-item kb-slide-2986_c8249a-0e\"><div class=\"kb-advanced-slide\"><div class=\"kb-advanced-slide-inner-wrap\"><div class=\"kb-advanced-slide-inner\"><style>.kb-image2986_2b527a-61 .kb-image-has-overlay:after{opacity:0.3;}<\/style>\n<div class=\"wp-block-kadence-image kb-image2986_2b527a-61\"><figure class=\"aligncenter size-full\"><a href=\"https:\/\/congnghebangtai.com\/?page_id=3011\" class=\"kb-advanced-image-link\"><img loading=\"lazy\" decoding=\"async\" width=\"727\" height=\"283\" src=\"https:\/\/congnghebangtai.com\/wp-content\/uploads\/2025\/01\/ISC-1-1.png\" alt=\"\" class=\"kb-img wp-image-3003\" srcset=\"https:\/\/congnghebangtai.com\/wp-content\/uploads\/2025\/01\/ISC-1-1.png 727w, https:\/\/congnghebangtai.com\/wp-content\/uploads\/2025\/01\/ISC-1-1-300x117.png 300w, https:\/\/congnghebangtai.com\/wp-content\/uploads\/2025\/01\/ISC-1-1-700x272.png 700w\" sizes=\"(max-width: 727px) 100vw, 727px\" \/><\/a><\/figure><\/div>\n<\/div><\/div><\/div><\/div>\n\n\n\n<div class=\"wp-block-kadence-slide kb-advanced-slide-item kb-slide-2986_0f0e00-59\"><div class=\"kb-advanced-slide\"><div class=\"kb-advanced-slide-inner-wrap\"><div class=\"kb-advanced-slide-inner\"><style>.kb-image2986_04127f-49 .kb-image-has-overlay:after{opacity:0.3;}<\/style>\n<div class=\"wp-block-kadence-image kb-image2986_04127f-49\"><figure class=\"aligncenter size-full\"><a href=\"https:\/\/congnghebangtai.com\/?page_id=3013\" class=\"kb-advanced-image-link\"><img loading=\"lazy\" decoding=\"async\" width=\"720\" height=\"259\" src=\"https:\/\/congnghebangtai.com\/wp-content\/uploads\/2025\/01\/FASTENERS.png\" alt=\"\" class=\"kb-img wp-image-3002\" srcset=\"https:\/\/congnghebangtai.com\/wp-content\/uploads\/2025\/01\/FASTENERS.png 720w, https:\/\/congnghebangtai.com\/wp-content\/uploads\/2025\/01\/FASTENERS-300x108.png 300w, https:\/\/congnghebangtai.com\/wp-content\/uploads\/2025\/01\/FASTENERS-700x252.png 700w\" sizes=\"(max-width: 720px) 100vw, 720px\" \/><\/a><\/figure><\/div>\n<\/div><\/div><\/div><\/div>\n\n\n\n<div class=\"wp-block-kadence-slide kb-advanced-slide-item kb-slide-2986_2ca6ea-50\"><div class=\"kb-advanced-slide\"><div class=\"kb-advanced-slide-inner-wrap\"><div class=\"kb-advanced-slide-inner\"><style>.kb-image2986_999986-92 .kb-image-has-overlay:after{opacity:0.3;}<\/style>\n<div class=\"wp-block-kadence-image kb-image2986_999986-92\"><figure class=\"aligncenter size-large\"><a href=\"https:\/\/congnghebangtai.com\/?page_id=3005\" class=\"kb-advanced-image-link\"><img loading=\"lazy\" decoding=\"async\" width=\"768\" height=\"1024\" src=\"https:\/\/congnghebangtai.com\/wp-content\/uploads\/2025\/01\/z2844638186659_c3a42f58937f350f853d1e7dbc16d081-768x1024.jpg\" alt=\"\" class=\"kb-img wp-image-2990\" srcset=\"https:\/\/congnghebangtai.com\/wp-content\/uploads\/2025\/01\/z2844638186659_c3a42f58937f350f853d1e7dbc16d081-768x1024.jpg 768w, https:\/\/congnghebangtai.com\/wp-content\/uploads\/2025\/01\/z2844638186659_c3a42f58937f350f853d1e7dbc16d081-225x300.jpg 225w, https:\/\/congnghebangtai.com\/wp-content\/uploads\/2025\/01\/z2844638186659_c3a42f58937f350f853d1e7dbc16d081-1152x1536.jpg 1152w, https:\/\/congnghebangtai.com\/wp-content\/uploads\/2025\/01\/z2844638186659_c3a42f58937f350f853d1e7dbc16d081-1536x2048.jpg 1536w, https:\/\/congnghebangtai.com\/wp-content\/uploads\/2025\/01\/z2844638186659_c3a42f58937f350f853d1e7dbc16d081-700x933.jpg 700w, https:\/\/congnghebangtai.com\/wp-content\/uploads\/2025\/01\/z2844638186659_c3a42f58937f350f853d1e7dbc16d081.jpg 1920w\" sizes=\"(max-width: 768px) 100vw, 768px\" \/><\/a><\/figure><\/div>\n<\/div><\/div><\/div><\/div>\n<\/div><\/div><\/div><\/div>\n\n\n\n<h2 class=\"wp-block-heading\">M\u1ed0I N\u1ed0I B\u0102NG T\u1ea2I<\/h2>\n<\/div>\n<\/div>\n<\/div><\/div>\n\n\n<style>.kadence-column2986_d1bfa1-c2 > .kt-inside-inner-col,.kadence-column2986_d1bfa1-c2 > .kt-inside-inner-col:before{border-top-left-radius:0px;border-top-right-radius:0px;border-bottom-right-radius:0px;border-bottom-left-radius:0px;}.kadence-column2986_d1bfa1-c2 > .kt-inside-inner-col:before{opacity:0.3;}.kadence-column2986_d1bfa1-c2{position:relative;}<\/style>\n<div class=\"wp-block-kadence-column kadence-column2986_d1bfa1-c2\"><div class=\"kt-inside-inner-col\">\n<div class=\"wp-block-columns is-layout-flex wp-container-core-columns-is-layout-9d6595d7 wp-block-columns-is-layout-flex\">\n<div class=\"wp-block-column is-layout-flow wp-block-column-is-layout-flow\"><style>.kb-image2986_904aca-c0 .kb-image-has-overlay:after{opacity:0.3;}<\/style>\n<div class=\"wp-block-kadence-image kb-image2986_904aca-c0\"><figure class=\"aligncenter size-full\"><a href=\"https:\/\/congnghebangtai.com\/?page_id=3005\" class=\"kb-advanced-image-link\"><img fetchpriority=\"high\" decoding=\"async\" width=\"600\" height=\"400\" src=\"https:\/\/congnghebangtai.com\/wp-content\/uploads\/2025\/01\/IMG_1205.jpg\" alt=\"\" class=\"kb-img wp-image-2987\" srcset=\"https:\/\/congnghebangtai.com\/wp-content\/uploads\/2025\/01\/IMG_1205.jpg 600w, https:\/\/congnghebangtai.com\/wp-content\/uploads\/2025\/01\/IMG_1205-300x200.jpg 300w\" sizes=\"(max-width: 600px) 100vw, 600px\" \/><\/a><\/figure><\/div>\n\n\n\n<h2 class=\"wp-block-heading\"><strong><a href=\"https:\/\/congnghebangtai.com\/?page_id=3005\">B\u1ed8 N\u1ed0I B\u0102NG T\u1ea2I SI\u00caU NHANH SUPER SCREW<\/a><\/strong><\/h2>\n\n\n\n<p><strong><em>Xu\u1ea5t x\u1ee9:<\/em><\/strong><strong>&nbsp;&nbsp;<\/strong>Minet \u2013 Ph\u00e1p<\/p>\n\n\n\n<p><strong><em>C\u1ea5u t\u1ea1o s\u1ea3n ph\u1ea9m:<\/em><\/strong><\/p>\n\n\n\n<p>\u2013 T\u1ea5m cao su tr\u00ean + t\u1ea5m cao su d\u01b0\u1edbi + Spacer + V\u00edt + \u0111\u1ea7u v\u00edt.<\/p>\n\n\n\n<p>\u2013 Mi\u1ebfng tr\u00ean v\u00e0 mi\u1ebfng d\u01b0\u1edbi \u0111\u1ec1u g\u1ed3m m\u1ed9t l\u00f5i th\u00e9p \u0111\u01b0\u1ee3c bao ph\u1ee7 b\u1edfi c\u00e1c l\u1edbp cao su b\u00ean ngo\u00e0i.<\/p>\n\n\n\n<p>\u2013 Tr\u00ean b\u1ec1 m\u1eb7t S\u1ea3n ph\u1ea9m \u0111\u1ec1u \u0111\u01b0\u1ee3c ch\u1ebf t\u1ea1o s\u1eb5n c\u00e1c l\u1ed7 \u0111\u1ec3 b\u1eaft v\u00edt<\/p>\n\n\n\n<p><\/p>\n<\/div>\n<\/div>\n<\/div><\/div>\n\n\n<style>.kadence-column2986_186fb8-46 > .kt-inside-inner-col,.kadence-column2986_186fb8-46 > .kt-inside-inner-col:before{border-top-left-radius:0px;border-top-right-radius:0px;border-bottom-right-radius:0px;border-bottom-left-radius:0px;}.kadence-column2986_186fb8-46 > .kt-inside-inner-col:before{opacity:0.3;}.kadence-column2986_186fb8-46{position:relative;}<\/style>\n<div class=\"wp-block-kadence-column kadence-column2986_186fb8-46\"><div class=\"kt-inside-inner-col\">\n<div class=\"wp-block-columns is-layout-flex wp-container-core-columns-is-layout-9d6595d7 wp-block-columns-is-layout-flex\">\n<div class=\"wp-block-column is-layout-flow wp-block-column-is-layout-flow\" style=\"flex-basis:25%\"><style>.kb-image2986_a2e443-55.kb-image-is-ratio-size, .kb-image2986_a2e443-55 .kb-image-is-ratio-size{max-width:311px;width:100%;}.kb-image2986_a2e443-55 figure{max-width:311px;}.kb-image2986_a2e443-55 .image-is-svg, .kb-image2986_a2e443-55 .image-is-svg img{width:100%;}.kb-image2986_a2e443-55 .kb-image-has-overlay:after{opacity:0.3;}<\/style>\n<div class=\"wp-block-kadence-image kb-image2986_a2e443-55\"><figure class=\"aligncenter size-full\"><a href=\"https:\/\/congnghebangtai.com\/?page_id=3011\" class=\"kb-advanced-image-link\"><img loading=\"lazy\" decoding=\"async\" width=\"727\" height=\"283\" src=\"https:\/\/congnghebangtai.com\/wp-content\/uploads\/2025\/01\/ISC-1-1.png\" alt=\"\" class=\"kb-img wp-image-3003\" srcset=\"https:\/\/congnghebangtai.com\/wp-content\/uploads\/2025\/01\/ISC-1-1.png 727w, https:\/\/congnghebangtai.com\/wp-content\/uploads\/2025\/01\/ISC-1-1-300x117.png 300w, https:\/\/congnghebangtai.com\/wp-content\/uploads\/2025\/01\/ISC-1-1-700x272.png 700w\" sizes=\"(max-width: 727px) 100vw, 727px\" \/><\/a><\/figure><\/div>\n\n\n\n<h3 class=\"wp-block-heading\"><a href=\"https:\/\/congnghebangtai.com\/?page_id=3011\">M\u1ed0I N\u1ed0I B\u0102NG T\u1ea2I ISC<\/a><\/h3>\n\n\n\n<p><strong>ISC<\/strong>&nbsp;(K\u1ebft n\u1ed1i tr\u1ee5c v\u00edt t\u00edch h\u1ee3p) l\u00e0 m\u1ed9t gi\u1ea3i ph\u00e1p vi\u1ec1n s\u00e1ng t\u1ea1o, cho ph\u00e9p b\u0103ng t\u1ea3i c\u1ee7a b\u1ea1n tr\u1edf n\u00ean v\u00f4 t\u1eadn, ch\u1ec9 b\u1eb1ng c\u00e1ch v\u1eb7n v\u00e0o m\u1ed7i \u0111\u1ea7u m\u00e0 kh\u00f4ng c\u1ea7n th\u00eam \u0111\u1ed9 d\u00e0y. ISC \u0111\u1ea3m b\u1ea3o l\u1eafp r\u00e1p nhanh ch\u00f3ng v\u00e0 gi\u1ea3m th\u1eddi gian ch\u1ebft th\u1ef1c t\u1ebf. Nh\u1edd c\u00e1c mi\u1ebfng kim lo\u1ea1i \u0111\u01b0\u1ee3c \u0111\u00fac trong cao su v\u00e0 c\u00e1c lo\u1ea1i v\u1ea3i, m\u1ed1i n\u1ed1i \u0111\u1ea3m b\u1ea3o kh\u1ea3 n\u0103ng ch\u1ed1ng l\u1eafp r\u00e1p r\u1ea5t m\u1ea1nh. \u0110i\u1ec1u n\u00e0y x\u1ea3y ra trong qu\u00e1 tr\u00ecnh si\u1ebft ch\u1eb7t c\u00e1c \u1ed1c v\u00edt.<\/p>\n<\/div>\n\n\n\n<div class=\"wp-block-column is-layout-flow wp-block-column-is-layout-flow\" style=\"flex-basis:50%\"><style>.kb-image2986_06930e-42.kb-image-is-ratio-size, .kb-image2986_06930e-42 .kb-image-is-ratio-size{max-width:579px;width:100%;}.kb-image2986_06930e-42 figure{max-width:579px;}.kb-image2986_06930e-42 .image-is-svg, .kb-image2986_06930e-42 .image-is-svg img{width:100%;}.kb-image2986_06930e-42 .kb-image-has-overlay:after{opacity:0.3;}<\/style>\n<div class=\"wp-block-kadence-image kb-image2986_06930e-42\"><figure class=\"aligncenter size-full\"><a href=\"https:\/\/congnghebangtai.com\/?page_id=3008\" class=\"kb-advanced-image-link\"><img decoding=\"async\" width=\"705\" height=\"294\" src=\"https:\/\/congnghebangtai.com\/wp-content\/uploads\/2025\/01\/fixn-go-2-705x294-1.png\" alt=\"\" class=\"kb-img wp-image-3001\" srcset=\"https:\/\/congnghebangtai.com\/wp-content\/uploads\/2025\/01\/fixn-go-2-705x294-1.png 705w, https:\/\/congnghebangtai.com\/wp-content\/uploads\/2025\/01\/fixn-go-2-705x294-1-300x125.png 300w, https:\/\/congnghebangtai.com\/wp-content\/uploads\/2025\/01\/fixn-go-2-705x294-1-700x292.png 700w\" sizes=\"(max-width: 705px) 100vw, 705px\" \/><\/a><\/figure><\/div>\n\n\n\n<h3 class=\"wp-block-heading\"><strong><a href=\"https:\/\/congnghebangtai.com\/?page_id=3008\">MI\u1ebeNG V\u00c1 B\u0102NG T\u1ea2I SI\u00caU NHANH FIX\u2019N GO<\/a><\/strong><\/h3>\n\n\n\n<p><strong><em>Xu\u1ea5t x\u1ee9:<\/em><\/strong><strong>&nbsp;&nbsp;<\/strong>Minet \u2013 Ph\u00e1p<\/p>\n\n\n\n<p><strong><em>C\u1ea5u t\u1ea1o s\u1ea3n ph\u1ea9m:<\/em><\/strong><\/p>\n\n\n\n<p>\u2013 T\u1ea5m cao su tr\u00ean + t\u1ea5m cao su d\u01b0\u1edbi + V\u00edt + \u0111\u1ea7u v\u00edt.<\/p>\n\n\n\n<p>\u2013 L\u00e0m b\u1eb1ng v\u1ea3i c\u01b0\u1eddng l\u1ef1c v\u00e0 cao su c\u00f3 ch\u1ec9 s\u1ed1 m\u00e0i m\u00f2n r\u1ea5t cao 50mm3<\/p>\n\n\n\n<p>\u2013 Mi\u1ebfng tr\u00ean v\u00e0 mi\u1ebfng d\u01b0\u1edbi \u0111\u1ec1u g\u1ed3m m\u1ed9t l\u00f5i th\u00e9p \u0111\u01b0\u1ee3c bao ph\u1ee7 b\u1edfi c\u00e1c l\u1edbp cao su b\u00ean ngo\u00e0i.<\/p>\n\n\n\n<p>\u2013 Tr\u00ean b\u1ec1 m\u1eb7t S\u1ea3n ph\u1ea9m \u0111\u1ec1u \u0111\u01b0\u1ee3c ch\u1ebf t\u1ea1o s\u1eb5n c\u00e1c l\u1ed7 \u0111\u1ec3 b\u1eaft v\u00edt.<\/p>\n<\/div>\n\n\n\n<div class=\"wp-block-column is-layout-flow wp-block-column-is-layout-flow\" style=\"flex-basis:25%\"><style>.kb-image2986_616ce0-c6.kb-image-is-ratio-size, .kb-image2986_616ce0-c6 .kb-image-is-ratio-size{max-width:276px;width:100%;}.kb-image2986_616ce0-c6 figure{max-width:276px;}.kb-image2986_616ce0-c6 .image-is-svg, .kb-image2986_616ce0-c6 .image-is-svg img{width:100%;}.kb-image2986_616ce0-c6 .kb-image-has-overlay:after{opacity:0.3;}<\/style>\n<div class=\"wp-block-kadence-image kb-image2986_616ce0-c6\"><figure class=\"aligncenter size-full\"><a href=\"https:\/\/congnghebangtai.com\/?page_id=3013\" class=\"kb-advanced-image-link\"><img loading=\"lazy\" decoding=\"async\" width=\"720\" height=\"259\" src=\"https:\/\/congnghebangtai.com\/wp-content\/uploads\/2025\/01\/FASTENERS.png\" alt=\"\" class=\"kb-img wp-image-3002\" srcset=\"https:\/\/congnghebangtai.com\/wp-content\/uploads\/2025\/01\/FASTENERS.png 720w, https:\/\/congnghebangtai.com\/wp-content\/uploads\/2025\/01\/FASTENERS-300x108.png 300w, https:\/\/congnghebangtai.com\/wp-content\/uploads\/2025\/01\/FASTENERS-700x252.png 700w\" sizes=\"(max-width: 720px) 100vw, 720px\" \/><\/a><\/figure><\/div>\n\n\n\n<h3 class=\"wp-block-heading\"><a href=\"https:\/\/congnghebangtai.com\/?page_id=3013\">M\u1ed0I N\u1ed0I B\u0102NG T\u1ea2I <\/a><br><a href=\"https:\/\/congnghebangtai.com\/?page_id=3013\">MS FASTENERS<\/a><\/h3>\n\n\n\n<p>Ngo\u00e0i cung c\u1ea5p s\u1ea3n ph\u1ea9m m\u1ed1i n\u00f3i nhanh b\u0103ng t\u1ea3i Super Screw, H\u00e3ng Minet c\u00f2n cung c\u1ea5p \u0111\u1ebfn qu\u00fd kh\u00e1ch h\u00e0ng s\u1ea3n ph\u1ea9m m\u1ed1i n\u1ed1i ghim MS FASTENERS<\/p>\n<\/div>\n<\/div>\n<\/div><\/div>\n\n\n\n<p><\/p>\n","protected":false},"excerpt":{"rendered":"<p>M\u1ed0I N\u1ed0I B\u0102NG T\u1ea2I B\u1ed8 N\u1ed0I B\u0102NG T\u1ea2I SI\u00caU NHANH SUPER SCREW Xu\u1ea5t x\u1ee9:&nbsp;&nbsp;Minet \u2013 Ph\u00e1p C\u1ea5u t\u1ea1o s\u1ea3n ph\u1ea9m: \u2013 T\u1ea5m cao su tr\u00ean + t\u1ea5m cao su d\u01b0\u1edbi + Spacer + V\u00edt + \u0111\u1ea7u v\u00edt. \u2013 Mi\u1ebfng tr\u00ean v\u00e0 mi\u1ebfng d\u01b0\u1edbi \u0111\u1ec1u g\u1ed3m m\u1ed9t l\u00f5i th\u00e9p \u0111\u01b0\u1ee3c bao ph\u1ee7 b\u1edfi c\u00e1c l\u1edbp cao&#8230;<\/p>\n","protected":false},"author":1,"featured_media":0,"parent":0,"menu_order":0,"comment_status":"closed","ping_status":"closed","template":"","meta":{"_kad_blocks_custom_css":"","_kad_blocks_head_custom_js":"","_kad_blocks_body_custom_js":"","_kad_blocks_footer_custom_js":"","_kad_post_transparent":"","_kad_post_title":"","_kad_post_layout":"","_kad_post_sidebar_id":"","_kad_post_content_style":"","_kad_post_vertical_padding":"","_kad_post_feature":"","_kad_post_feature_position":"","_kad_post_header":false,"_kad_post_footer":false,"footnotes":""},"class_list":["post-2986","page","type-page","status-publish","hentry"],"taxonomy_info":[],"featured_image_src_large":false,"author_info":{"display_name":"admin","author_link":"https:\/\/congnghebangtai.com\/?author=1"},"comment_info":0,"_links":{"self":[{"href":"https:\/\/congnghebangtai.com\/index.php?rest_route=\/wp\/v2\/pages\/2986","targetHints":{"allow":["GET"]}}],"collection":[{"href":"https:\/\/congnghebangtai.com\/index.php?rest_route=\/wp\/v2\/pages"}],"about":[{"href":"https:\/\/congnghebangtai.com\/index.php?rest_route=\/wp\/v2\/types\/page"}],"author":[{"embeddable":true,"href":"https:\/\/congnghebangtai.com\/index.php?rest_route=\/wp\/v2\/users\/1"}],"replies":[{"embeddable":true,"href":"https:\/\/congnghebangtai.com\/index.php?rest_route=%2Fwp%2Fv2%2Fcomments&post=2986"}],"version-history":[{"count":3,"href":"https:\/\/congnghebangtai.com\/index.php?rest_route=\/wp\/v2\/pages\/2986\/revisions"}],"predecessor-version":[{"id":3101,"href":"https:\/\/congnghebangtai.com\/index.php?rest_route=\/wp\/v2\/pages\/2986\/revisions\/3101"}],"wp:attachment":[{"href":"https:\/\/congnghebangtai.com\/index.php?rest_route=%2Fwp%2Fv2%2Fmedia&parent=2986"}],"curies":[{"name":"wp","href":"https:\/\/api.w.org\/{rel}","templated":true}]}}