{"id":3008,"date":"2025-01-23T01:46:29","date_gmt":"2025-01-23T01:46:29","guid":{"rendered":"https:\/\/congnghebangtai.com\/?page_id=3008"},"modified":"2025-02-06T08:08:08","modified_gmt":"2025-02-06T08:08:08","slug":"mieng-va-bang-tai-sieu-nhanh-fixn-go","status":"publish","type":"page","link":"https:\/\/congnghebangtai.com\/?page_id=3008","title":{"rendered":"MI\u1ebeNG V\u00c1 B\u0102NG T\u1ea2I SI\u00caU NHANH FIX\u2019N GO"},"content":{"rendered":"<style>.kadence-column3008_638927-6e > .kt-inside-inner-col,.kadence-column3008_638927-6e > .kt-inside-inner-col:before{border-top-left-radius:0px;border-top-right-radius:0px;border-bottom-right-radius:0px;border-bottom-left-radius:0px;}.kadence-column3008_638927-6e > .kt-inside-inner-col:before{opacity:0.3;}.kadence-column3008_638927-6e{position:relative;}<\/style>\n<div class=\"wp-block-kadence-column kadence-column3008_638927-6e\"><div class=\"kt-inside-inner-col\"><style>.kb-image3008_1908a5-a5 .kb-image-has-overlay:after{opacity:0.3;}<\/style>\n<div class=\"wp-block-kadence-image kb-image3008_1908a5-a5\"><figure class=\"aligncenter size-large\"><img fetchpriority=\"high\" decoding=\"async\" width=\"1024\" height=\"1024\" src=\"https:\/\/congnghebangtai.com\/wp-content\/uploads\/2025\/01\/fixngo-1-1030x1030-1-1024x1024.jpg\" alt=\"\" class=\"kb-img wp-image-3009\" srcset=\"https:\/\/congnghebangtai.com\/wp-content\/uploads\/2025\/01\/fixngo-1-1030x1030-1-1024x1024.jpg 1024w, https:\/\/congnghebangtai.com\/wp-content\/uploads\/2025\/01\/fixngo-1-1030x1030-1-300x300.jpg 300w, https:\/\/congnghebangtai.com\/wp-content\/uploads\/2025\/01\/fixngo-1-1030x1030-1-150x150.jpg 150w, https:\/\/congnghebangtai.com\/wp-content\/uploads\/2025\/01\/fixngo-1-1030x1030-1-768x768.jpg 768w, https:\/\/congnghebangtai.com\/wp-content\/uploads\/2025\/01\/fixngo-1-1030x1030-1-800x800.jpg 800w, https:\/\/congnghebangtai.com\/wp-content\/uploads\/2025\/01\/fixngo-1-1030x1030-1-700x700.jpg 700w, https:\/\/congnghebangtai.com\/wp-content\/uploads\/2025\/01\/fixngo-1-1030x1030-1-100x100.jpg 100w, https:\/\/congnghebangtai.com\/wp-content\/uploads\/2025\/01\/fixngo-1-1030x1030-1.jpg 1030w\" sizes=\"(max-width: 1024px) 100vw, 1024px\" \/><\/figure><\/div>\n<\/div><\/div>\n\n\n\n<p><\/p>\n\n\n\n<p><strong><em>Xu\u1ea5t x\u1ee9:<\/em><\/strong><strong>&nbsp;&nbsp;<\/strong>Minet \u2013 Ph\u00e1p<\/p>\n\n\n\n<p><strong><em>C\u1ea5u t\u1ea1o s\u1ea3n ph\u1ea9m:<\/em><\/strong><\/p>\n\n\n\n<p>\u2013 T\u1ea5m tr\u00ean + t\u1ea5m d\u01b0\u1edbi + V\u00edt + \u0111\u1ea7u v\u00edt.<\/p>\n\n\n\n<p>\u2013 \u0110\u01b0\u1ee3c c\u1ea5u t\u1ea1o b\u1edfi c\u1ed1t v\u1ea3i b\u1ec7n v\u1edbi c\u1ed1t th\u00e9p, \u0111\u01b0\u1ee3c bao ph\u1ee7 b\u1edfi l\u1edbp cao su b\u00ean ngo\u00e0i v\u1edbi \u0111\u1ed9 ch\u1ecbu l\u1ef1c l\u00ean t\u1edbi 50 mm3<\/p>\n\n\n\n<p>\u2013 Tr\u00ean b\u1ec1 m\u1eb7t S\u1ea3n ph\u1ea9m \u0111\u1ec1u \u0111\u01b0\u1ee3c ch\u1ebf t\u1ea1o s\u1eb5n c\u00e1c l\u1ed7 \u0111\u1ec3 b\u1eaft v\u00edt.<\/p>\n\n\n\n<p><strong><em>C\u00f4ng d\u1ee5ng:<\/em><\/strong><\/p>\n\n\n\n<p>\u2013 V\u00e1 b\u0103ng<\/p>\n\n\n\n<p>\u2013 V\u00e1 r\u00e1ch ngang b\u0103ng t\u1ea3i, v\u00e1 r\u00e1ch d\u1ecdc b\u0103ng t\u1ea3i, v\u00e1 l\u1ed7 th\u1ee7ng<\/p>\n\n\n\n<p><strong><em>\u01afu \u0111i\u1ec3m:<\/em><\/strong><\/p>\n\n\n\n<p>\u2013 Ti\u1ebft ki\u1ec7m th\u1eddi gian<\/p>\n\n\n\n<p>\u2013 Linh ho\u1ea1t, \u0111\u1ed9 ch\u1ecbu l\u1ef1c cao<\/p>\n\n\n\n<p>\u2013 C\u00f3 th\u1ec3 s\u1eed d\u1ee5ng cho t\u1ea5t c\u1ea3 c\u00e1c b\u0103ng t\u1ea3i b\u1ed1 v\u1ea3i nhi\u1ec1u l\u1edbp v\u00e0 \u0111\u01a1n l\u1edbp.<\/p>\n\n\n\n<p><strong>Quy c\u00e1ch s\u1ea3n ph\u1ea9m:<\/strong><\/p>\n\n\n\n<p>S\u1ea3n ph\u1ea9m \u0111\u01b0\u1ee3c \u0111\u00f3ng g\u00f3i v\u00e0 cung c\u1ea5p theo m\u00e9t bao g\u1ed3m:<\/p>\n\n\n\n<ul class=\"wp-block-list\">\n<li>C\u00f3 s\u1eb5n trong 2 h\u1ed9p: 2 m ho\u1eb7c 20 m<\/li>\n\n\n\n<li>\u1ed0c v\u00edt bao g\u1ed3m<\/li>\n\n\n\n<li>V\u00edt th\u00e9p v\u00e0 ch\u00e8n ho\u1eb7c v\u00edt th\u00e9p kh\u00f4ng g\u1ec9 v\u00e0 ch\u00e8n<\/li>\n<\/ul>\n\n\n\n<p><strong>Th\u00f4ng s\u1ed1 k\u1ef9 thu\u1eadt:<\/strong><\/p>\n\n\n\n<ul class=\"wp-block-list\">\n<li>Chi\u1ec1u r\u1ed9ng&nbsp;<strong>FIX\u2019N GO l\u00e0 158mm<\/strong><\/li>\n\n\n\n<li>Chi\u1ec1u d\u00e0y t\u1ea5m tr\u00ean: 3-4mm<\/li>\n\n\n\n<li>Chi\u1ec1u d\u00e0y t\u1ea5m d\u01b0\u1edbi: 2-3mm<\/li>\n\n\n\n<li>S\u1ed1 l\u01b0\u1ee3ng v\u00edt \u0111i k\u00e8m m\u1ed7i m\u00e9t l\u00e0: 150 v\u00edt<\/li>\n<\/ul>\n\n\n\n<p>D\u1ef1a theo ti\u00eau chu\u1ea9n b\u1ec1 m\u1eb7t cao su v\u1edbi m\u1ed7i ti\u00eau chu\u1ea9n s\u1ebd c\u00f3 m\u1ed9t s\u1ea3n ph\u1ea9m ph\u00f9 h\u1ee3p v\u1edbi ti\u00eau chu\u1ea9n.<\/p>\n","protected":false},"excerpt":{"rendered":"<p>Xu\u1ea5t x\u1ee9:&nbsp;&nbsp;Minet \u2013 Ph\u00e1p C\u1ea5u t\u1ea1o s\u1ea3n ph\u1ea9m: \u2013 T\u1ea5m tr\u00ean + t\u1ea5m d\u01b0\u1edbi + V\u00edt + \u0111\u1ea7u v\u00edt. \u2013 \u0110\u01b0\u1ee3c c\u1ea5u t\u1ea1o b\u1edfi c\u1ed1t v\u1ea3i b\u1ec7n v\u1edbi c\u1ed1t th\u00e9p, \u0111\u01b0\u1ee3c bao ph\u1ee7 b\u1edfi l\u1edbp cao su b\u00ean ngo\u00e0i v\u1edbi \u0111\u1ed9 ch\u1ecbu l\u1ef1c l\u00ean t\u1edbi 50 mm3 \u2013 Tr\u00ean b\u1ec1 m\u1eb7t S\u1ea3n ph\u1ea9m \u0111\u1ec1u \u0111\u01b0\u1ee3c&#8230;<\/p>\n","protected":false},"author":1,"featured_media":0,"parent":0,"menu_order":0,"comment_status":"closed","ping_status":"closed","template":"","meta":{"_kad_blocks_custom_css":"","_kad_blocks_head_custom_js":"","_kad_blocks_body_custom_js":"","_kad_blocks_footer_custom_js":"","_kad_post_transparent":"","_kad_post_title":"","_kad_post_layout":"","_kad_post_sidebar_id":"","_kad_post_content_style":"","_kad_post_vertical_padding":"","_kad_post_feature":"","_kad_post_feature_position":"","_kad_post_header":false,"_kad_post_footer":false,"footnotes":""},"class_list":["post-3008","page","type-page","status-publish","hentry"],"taxonomy_info":[],"featured_image_src_large":false,"author_info":{"display_name":"admin","author_link":"https:\/\/congnghebangtai.com\/?author=1"},"comment_info":0,"_links":{"self":[{"href":"https:\/\/congnghebangtai.com\/index.php?rest_route=\/wp\/v2\/pages\/3008","targetHints":{"allow":["GET"]}}],"collection":[{"href":"https:\/\/congnghebangtai.com\/index.php?rest_route=\/wp\/v2\/pages"}],"about":[{"href":"https:\/\/congnghebangtai.com\/index.php?rest_route=\/wp\/v2\/types\/page"}],"author":[{"embeddable":true,"href":"https:\/\/congnghebangtai.com\/index.php?rest_route=\/wp\/v2\/users\/1"}],"replies":[{"embeddable":true,"href":"https:\/\/congnghebangtai.com\/index.php?rest_route=%2Fwp%2Fv2%2Fcomments&post=3008"}],"version-history":[{"count":3,"href":"https:\/\/congnghebangtai.com\/index.php?rest_route=\/wp\/v2\/pages\/3008\/revisions"}],"predecessor-version":[{"id":3280,"href":"https:\/\/congnghebangtai.com\/index.php?rest_route=\/wp\/v2\/pages\/3008\/revisions\/3280"}],"wp:attachment":[{"href":"https:\/\/congnghebangtai.com\/index.php?rest_route=%2Fwp%2Fv2%2Fmedia&parent=3008"}],"curies":[{"name":"wp","href":"https:\/\/api.w.org\/{rel}","templated":true}]}}