{"id":3011,"date":"2025-01-23T01:47:30","date_gmt":"2025-01-23T01:47:30","guid":{"rendered":"https:\/\/congnghebangtai.com\/?page_id=3011"},"modified":"2025-01-23T01:47:30","modified_gmt":"2025-01-23T01:47:30","slug":"moi-noi-bang-tai-isc","status":"publish","type":"page","link":"https:\/\/congnghebangtai.com\/?page_id=3011","title":{"rendered":"M\u1ed0I N\u1ed0I B\u0102NG T\u1ea2I ISC"},"content":{"rendered":"<style>.kadence-column3011_4ab546-34 > .kt-inside-inner-col,.kadence-column3011_4ab546-34 > .kt-inside-inner-col:before{border-top-left-radius:0px;border-top-right-radius:0px;border-bottom-right-radius:0px;border-bottom-left-radius:0px;}.kadence-column3011_4ab546-34 > .kt-inside-inner-col:before{opacity:0.3;}.kadence-column3011_4ab546-34{position:relative;}<\/style>\n<div class=\"wp-block-kadence-column kadence-column3011_4ab546-34\"><div class=\"kt-inside-inner-col\"><style>.kb-image3011_ecc555-2f .kb-image-has-overlay:after{opacity:0.3;}<\/style>\n<div class=\"wp-block-kadence-image kb-image3011_ecc555-2f\"><figure class=\"aligncenter size-full\"><img fetchpriority=\"high\" decoding=\"async\" width=\"727\" height=\"283\" src=\"https:\/\/congnghebangtai.com\/wp-content\/uploads\/2025\/01\/ISC-1-1.png\" alt=\"\" class=\"kb-img wp-image-3003\" srcset=\"https:\/\/congnghebangtai.com\/wp-content\/uploads\/2025\/01\/ISC-1-1.png 727w, https:\/\/congnghebangtai.com\/wp-content\/uploads\/2025\/01\/ISC-1-1-300x117.png 300w, https:\/\/congnghebangtai.com\/wp-content\/uploads\/2025\/01\/ISC-1-1-700x272.png 700w\" sizes=\"(max-width: 727px) 100vw, 727px\" \/><\/figure><\/div>\n<\/div><\/div>\n\n\n\n<p><\/p>\n\n\n\n<p><strong>ISC<\/strong>&nbsp;(K\u1ebft n\u1ed1i tr\u1ee5c v\u00edt t\u00edch h\u1ee3p) l\u00e0 m\u1ed9t gi\u1ea3i ph\u00e1p vi\u1ec1n s\u00e1ng t\u1ea1o, cho ph\u00e9p b\u0103ng t\u1ea3i c\u1ee7a b\u1ea1n tr\u1edf n\u00ean v\u00f4 t\u1eadn, ch\u1ec9 b\u1eb1ng c\u00e1ch v\u1eb7n v\u00e0o m\u1ed7i \u0111\u1ea7u m\u00e0 kh\u00f4ng c\u1ea7n th\u00eam \u0111\u1ed9 d\u00e0y. ISC \u0111\u1ea3m b\u1ea3o l\u1eafp r\u00e1p nhanh ch\u00f3ng v\u00e0 gi\u1ea3m th\u1eddi gian ch\u1ebft th\u1ef1c t\u1ebf.&nbsp;Nh\u1edd c\u00e1c mi\u1ebfng kim lo\u1ea1i \u0111\u01b0\u1ee3c \u0111\u00fac trong cao su v\u00e0 c\u00e1c lo\u1ea1i v\u1ea3i, m\u1ed1i n\u1ed1i \u0111\u1ea3m b\u1ea3o kh\u1ea3 n\u0103ng ch\u1ed1ng l\u1eafp r\u00e1p r\u1ea5t m\u1ea1nh.&nbsp;\u0110i\u1ec1u n\u00e0y x\u1ea3y ra trong qu\u00e1 tr\u00ecnh si\u1ebft ch\u1eb7t c\u00e1c \u1ed1c v\u00edt.<\/p>\n\n\n\n<p><strong>ISC<\/strong>&nbsp;vi\u1ec1n&nbsp;&nbsp;\u0111\u01b0\u1ee3c l\u01b0u h\u00f3a th\u00e0nh v\u00e0nh \u0111ai b\u1edfi b\u1ed9 ph\u1eadn s\u1ea3n xu\u1ea5t chuy\u00ean ng\u00e0nh c\u1ee7a ch\u00fang t\u00f4i.&nbsp;H\u1ec7 th\u1ed1ng k\u1ebft n\u1ed1i c\u1ee7a n\u00f3 cung c\u1ea5p m\u1ed9t s\u1ee9c \u0111\u1ec1 kh\u00e1ng r\u1ea5t cao \u0111\u1ed1i v\u1edbi c\u00e1c \u0111i\u1ec1u ki\u1ec7n t\u00e1c \u0111\u1ed9ng cao m\u1ea1nh m\u1ebd v\u00e0 li\u00ean t\u1ee5c.<\/p>\n\n\n\n<p>C\u00f3 th\u1ec3 c\u00e0i \u0111\u1eb7t ISC\u00ae tr\u00ean c\u00e1c b\u0103ng \u201cch\u1ed1ng m\u00e0i m\u00f2n\u201d, \u201cch\u1ecbu d\u1ea7u \u201c, \u201cch\u1ecbu nhi\u1ec7t\u201d, b\u0103ng t\u1ea3i tr\u01a1n ho\u1eb7c chevron, c\u00f3 ho\u1eb7c kh\u00f4ng c\u00f3 l\u01b0ng tr\u1ea7n:<\/p>\n\n\n\n<p>\u2013 Chi\u1ec1u r\u1ed9ng b\u0103ng t\u1ea3i l\u00ean t\u1edbi 2 m\u00e9t<\/p>\n\n\n\n<p>\u2013 C\u01b0\u1eddng \u0111\u1ed9 k\u00e9o \u0111\u1ee9t c\u1ee7a b\u0103ng l\u00ean t\u1edbi EP 100n t\u1ee5c.<\/p>\n\n\n\n<p><strong><em>\u01afu \u0111i\u1ec3m:<\/em><\/strong><\/p>\n\n\n\n<p>\u2013 C\u00e0i \u0111\u1eb7t \u0111\u01a1n gi\u1ea3n v\u00e0 nhanh ch\u00f3ng gi\u1ea3m th\u1eddi gian ch\u1ebft<\/p>\n\n\n\n<p>\u2013 Kh\u00f4ng \u0111\u1ea7u t\u01b0 v\u00e0o c\u00f4ng c\u1ee5, tr\u00ecnh \u0111i\u1ec1u khi\u1ec3n \u0111\u1ee7 m\u1ea1nh<\/p>\n\n\n\n<p>\u2013 T\u01b0\u01a1ng th\u00edch v\u1edbi \u0111\u01b0\u1eddng k\u00ednh r\u00f2ng r\u1ecdc nh\u1ecf.<\/p>\n\n\n\n<p>\u2013 C\u00e0i \u0111\u1eb7t b\u1ea5t c\u1ee9 \u0111i\u1ec1u g\u00ec kh\u00f3 kh\u0103n truy c\u1eadp, \u0111i\u1ec1u ki\u1ec7n th\u1eddi ti\u1ebft (m\u01b0a, tuy\u1ebft, gi\u00f3, l\u1ea1nh \u2026) ng\u00e0y v\u00e0 \u0111\u00eam<\/p>\n\n\n\n<p>\u2013 Kh\u00f4ng s\u1eed d\u1ee5ng keo ho\u1eb7c h\u00f3a ch\u1ea5t kh\u00e1c c\u00f3 th\u1ec3 g\u00e2y h\u1eadu qu\u1ea3 c\u00f3 h\u1ea1i cho s\u1ee9c kh\u1ecfe.<\/p>\n\n\n\n<p>\u2013 Kh\u00f4ng c\u1ea7n ph\u1ea3i th\u00e1o r\u1eddi b\u0103ng t\u1ea3i, v\u00ec b\u0103ng t\u1ea3i \u0111\u01b0\u1ee3c th\u00f4ng qua m\u1edf v\u00e0 g\u1eafn v\u00e0o b\u0103ng c\u0169. \u0110i\u1ec1u n\u00e0y \u0111\u01b0\u1ee3c th\u1ef1c hi\u1ec7n v\u1edbi r\u00f2ng r\u1ecdc \u0111\u1ec3 t\u1ea1o \u0111i\u1ec1u ki\u1ec7n di chuy\u1ec3n.<\/p>\n\n\n\n<p>\u2013 B\u0103ng t\u1ea3i s\u1eb5n s\u00e0ng \u0111\u1ec3 c\u00e0i \u0111\u1eb7t: k\u1ef9 thu\u1eadt vi\u00ean c\u1ee7a b\u1ea1n c\u00f3 th\u1ec3 thay \u0111\u1ed5i b\u0103ng r\u1ea5t nhanh<\/p>\n\n\n\n<p>\u2013 Kh\u00f4ng c\u1ea7n l\u00e0m s\u1ea1ch v\u00e0 chu\u1ea9n b\u1ecb b\u0103ng t\u1ea3i.<\/p>\n\n\n\n<p><strong>Th\u00f4ng s\u1ed1 k\u1ef9 thu\u1eadt c\u1ee7a s\u1ea3n ph\u1ea9m n\u1ed1i b\u0103ng ISC:<\/strong><\/p>\n\n\n\n<ul class=\"wp-block-list\">\n<li>S\u1eed d\u1ee5ng cho b\u0103ng c\u00f3 c\u01b0\u1eddng l\u1ef1c t\u1eeb EP250 \u0111\u1ebfn EP1600<\/li>\n\n\n\n<li>V\u1edbi chi\u1ec1u r\u1ed9ng c\u1ee7a b\u0103ng l\u00ean \u0111\u1ebfn 2m.<\/li>\n\n\n\n<li>S\u1eed d\u1ee5ng v\u1edbi b\u0103ng c\u00f3 tr\u1ecdng l\u01b0\u1ee3ng t\u1ed1i \u0111a 3 t\u1ea5n v\u00e0 c\u00f3 th\u1ec3 gh\u00e9p nhi\u1ec1u b\u0103ng v\u1edbi ISC.<\/li>\n\n\n\n<li>S\u1eed d\u1ee5ng nhanh, \u0111\u01a1n gi\u1ea3n v\u1edbi 3 b\u01b0\u1edbc:<\/li>\n<\/ul>\n","protected":false},"excerpt":{"rendered":"<p>ISC&nbsp;(K\u1ebft n\u1ed1i tr\u1ee5c v\u00edt t\u00edch h\u1ee3p) l\u00e0 m\u1ed9t gi\u1ea3i ph\u00e1p vi\u1ec1n s\u00e1ng t\u1ea1o, cho ph\u00e9p b\u0103ng t\u1ea3i c\u1ee7a b\u1ea1n tr\u1edf n\u00ean v\u00f4 t\u1eadn, ch\u1ec9 b\u1eb1ng c\u00e1ch v\u1eb7n v\u00e0o m\u1ed7i \u0111\u1ea7u m\u00e0 kh\u00f4ng c\u1ea7n th\u00eam \u0111\u1ed9 d\u00e0y. ISC \u0111\u1ea3m b\u1ea3o l\u1eafp r\u00e1p nhanh ch\u00f3ng v\u00e0 gi\u1ea3m th\u1eddi gian ch\u1ebft th\u1ef1c t\u1ebf.&nbsp;Nh\u1edd c\u00e1c mi\u1ebfng kim lo\u1ea1i \u0111\u01b0\u1ee3c&#8230;<\/p>\n","protected":false},"author":1,"featured_media":0,"parent":0,"menu_order":0,"comment_status":"closed","ping_status":"closed","template":"","meta":{"_kad_blocks_custom_css":"","_kad_blocks_head_custom_js":"","_kad_blocks_body_custom_js":"","_kad_blocks_footer_custom_js":"","_kad_post_transparent":"","_kad_post_title":"","_kad_post_layout":"","_kad_post_sidebar_id":"","_kad_post_content_style":"","_kad_post_vertical_padding":"","_kad_post_feature":"","_kad_post_feature_position":"","_kad_post_header":false,"_kad_post_footer":false,"footnotes":""},"class_list":["post-3011","page","type-page","status-publish","hentry"],"taxonomy_info":[],"featured_image_src_large":false,"author_info":{"display_name":"admin","author_link":"https:\/\/congnghebangtai.com\/?author=1"},"comment_info":0,"_links":{"self":[{"href":"https:\/\/congnghebangtai.com\/index.php?rest_route=\/wp\/v2\/pages\/3011","targetHints":{"allow":["GET"]}}],"collection":[{"href":"https:\/\/congnghebangtai.com\/index.php?rest_route=\/wp\/v2\/pages"}],"about":[{"href":"https:\/\/congnghebangtai.com\/index.php?rest_route=\/wp\/v2\/types\/page"}],"author":[{"embeddable":true,"href":"https:\/\/congnghebangtai.com\/index.php?rest_route=\/wp\/v2\/users\/1"}],"replies":[{"embeddable":true,"href":"https:\/\/congnghebangtai.com\/index.php?rest_route=%2Fwp%2Fv2%2Fcomments&post=3011"}],"version-history":[{"count":1,"href":"https:\/\/congnghebangtai.com\/index.php?rest_route=\/wp\/v2\/pages\/3011\/revisions"}],"predecessor-version":[{"id":3012,"href":"https:\/\/congnghebangtai.com\/index.php?rest_route=\/wp\/v2\/pages\/3011\/revisions\/3012"}],"wp:attachment":[{"href":"https:\/\/congnghebangtai.com\/index.php?rest_route=%2Fwp%2Fv2%2Fmedia&parent=3011"}],"curies":[{"name":"wp","href":"https:\/\/api.w.org\/{rel}","templated":true}]}}