{"id":3013,"date":"2025-01-23T01:48:56","date_gmt":"2025-01-23T01:48:56","guid":{"rendered":"https:\/\/congnghebangtai.com\/?page_id=3013"},"modified":"2025-01-23T01:48:56","modified_gmt":"2025-01-23T01:48:56","slug":"moi-noi-bang-tai-ms-fasteners","status":"publish","type":"page","link":"https:\/\/congnghebangtai.com\/?page_id=3013","title":{"rendered":"M\u1ed0I N\u1ed0I B\u0102NG T\u1ea2I MS FASTENERS"},"content":{"rendered":"<style>.kadence-column3013_5f8995-c1 > .kt-inside-inner-col,.kadence-column3013_5f8995-c1 > .kt-inside-inner-col:before{border-top-left-radius:0px;border-top-right-radius:0px;border-bottom-right-radius:0px;border-bottom-left-radius:0px;}.kadence-column3013_5f8995-c1 > .kt-inside-inner-col:before{opacity:0.3;}.kadence-column3013_5f8995-c1{position:relative;}<\/style>\n<div class=\"wp-block-kadence-column kadence-column3013_5f8995-c1\"><div class=\"kt-inside-inner-col\"><style>.kb-image3013_8e116b-55 .kb-image-has-overlay:after{opacity:0.3;}<\/style>\n<div class=\"wp-block-kadence-image kb-image3013_8e116b-55\"><figure class=\"aligncenter size-full\"><img fetchpriority=\"high\" decoding=\"async\" width=\"720\" height=\"259\" src=\"https:\/\/congnghebangtai.com\/wp-content\/uploads\/2025\/01\/FASTENERS.png\" alt=\"\" class=\"kb-img wp-image-3002\" srcset=\"https:\/\/congnghebangtai.com\/wp-content\/uploads\/2025\/01\/FASTENERS.png 720w, https:\/\/congnghebangtai.com\/wp-content\/uploads\/2025\/01\/FASTENERS-300x108.png 300w, https:\/\/congnghebangtai.com\/wp-content\/uploads\/2025\/01\/FASTENERS-700x252.png 700w\" sizes=\"(max-width: 720px) 100vw, 720px\" \/><\/figure><\/div>\n<\/div><\/div>\n\n\n\n<p><br>Ngo\u00e0i cung c\u1ea5p s\u1ea3n ph\u1ea9m m\u1ed1i n\u1ed1i nhanh b\u0103ng t\u1ea3i Super Screw, H\u00e3ng Minet c\u00f2n cung c\u1ea5p \u0111\u1ebfn qu\u00fd kh\u00e1ch h\u00e0ng s\u1ea3n ph\u1ea9m m\u1ed1i n\u1ed1i ghim MS FASTENERS v\u1edbi th\u00f4ng s\u1ed1 v\u00e0 model nh\u01b0 sau:<\/p>\n\n\n<div class=\"wp-block-image\">\n<figure class=\"aligncenter\"><img decoding=\"async\" src=\"https:\/\/conveytechvn.com\/wp-content\/uploads\/2020\/07\/FASTENERS2.png\" alt=\"\" class=\"wp-image-668\"\/><\/figure>\n<\/div>\n\n\n<p>Th\u00f4ng s\u1ed1 k\u1ef9 thu\u1eadt v\u00e0 ti\u00eau chu\u1ea9n ch\u1ecdn \u1ed1c v\u1edbi t\u1eebng lo\u1ea1i m\u1ed1i n\u1ed1i MS \u0111\u01b0\u1ee3c c\u1ee5 th\u1ec3 nh\u01b0 b\u1ea3ng d\u01b0\u1edbi \u0111\u00e2y:<\/p>\n\n\n<div class=\"wp-block-image\">\n<figure class=\"aligncenter\"><img decoding=\"async\" src=\"https:\/\/conveytechvn.com\/wp-content\/uploads\/2020\/07\/FASTENERS1.png\" alt=\"\" class=\"wp-image-667\"\/><\/figure>\n<\/div>\n\n\n<p><strong>\u01afu \u0111i\u1ec3m:<\/strong><\/p>\n\n\n\n<p>\u2013 Kh\u00f4ng c\u1ea7n c\u00e1c c\u00f4ng c\u1ee5 c\u00e0i \u0111\u1eb7t \u0111\u1eaft ti\u1ec1n, \u0111i\u1ec1u khi\u1ec3n kh\u00f4ng d\u00e2y l\u00e0 \u0111\u1ee7<\/p>\n\n\n\n<p>\u2013 C\u00e0i \u0111\u1eb7t nhanh d\u1eabn \u0111\u1ebfn gi\u1ea3m th\u1eddi gian ch\u1ebft<\/p>\n\n\n\n<p>\u2013 Vi\u1ec7c c\u00e0i \u0111\u1eb7t ch\u1ec9 \u0111\u01b0\u1ee3c ho\u00e0n th\u00e0nh v\u1edbi vi\u1ec7c v\u1eb7n \u1ed1c v\u00edt (kh\u00f4ng c\u1ea7n khoan tr\u01b0\u1edbc)<\/p>\n\n\n\n<p>\u2013 Th\u1eaft ch\u1eb7t d\u00e2y bu\u1ed9c tr\u00ean b\u0103ng<\/p>\n\n\n\n<p>\u2013 Cho ph\u00e9p b\u1ea1n s\u1eeda d\u00e2y cao su trong tr\u01b0\u1eddng h\u1ee3p kh\u1ea9n c\u1ea5p<\/p>\n\n\n\n<p>\u2013 D\u00e2y bu\u1ed9c sau \u0111\u00f3 c\u00f3 th\u1ec3 \u0111\u01b0\u1ee3c nh\u00fang v\u00e0o b\u0103ng chuy\u1ec1n sau khi th\u00e1o n\u1eafp<\/p>\n","protected":false},"excerpt":{"rendered":"<p>Ngo\u00e0i cung c\u1ea5p s\u1ea3n ph\u1ea9m m\u1ed1i n\u1ed1i nhanh b\u0103ng t\u1ea3i Super Screw, H\u00e3ng Minet c\u00f2n cung c\u1ea5p \u0111\u1ebfn qu\u00fd kh\u00e1ch h\u00e0ng s\u1ea3n ph\u1ea9m m\u1ed1i n\u1ed1i ghim MS FASTENERS v\u1edbi th\u00f4ng s\u1ed1 v\u00e0 model nh\u01b0 sau: Th\u00f4ng s\u1ed1 k\u1ef9 thu\u1eadt v\u00e0 ti\u00eau chu\u1ea9n ch\u1ecdn \u1ed1c v\u1edbi t\u1eebng lo\u1ea1i m\u1ed1i n\u1ed1i MS \u0111\u01b0\u1ee3c c\u1ee5 th\u1ec3 nh\u01b0 b\u1ea3ng&#8230;<\/p>\n","protected":false},"author":1,"featured_media":0,"parent":0,"menu_order":0,"comment_status":"closed","ping_status":"closed","template":"","meta":{"_kad_blocks_custom_css":"","_kad_blocks_head_custom_js":"","_kad_blocks_body_custom_js":"","_kad_blocks_footer_custom_js":"","_kad_post_transparent":"","_kad_post_title":"","_kad_post_layout":"","_kad_post_sidebar_id":"","_kad_post_content_style":"","_kad_post_vertical_padding":"","_kad_post_feature":"","_kad_post_feature_position":"","_kad_post_header":false,"_kad_post_footer":false,"footnotes":""},"class_list":["post-3013","page","type-page","status-publish","hentry"],"taxonomy_info":[],"featured_image_src_large":false,"author_info":{"display_name":"admin","author_link":"https:\/\/congnghebangtai.com\/?author=1"},"comment_info":0,"_links":{"self":[{"href":"https:\/\/congnghebangtai.com\/index.php?rest_route=\/wp\/v2\/pages\/3013","targetHints":{"allow":["GET"]}}],"collection":[{"href":"https:\/\/congnghebangtai.com\/index.php?rest_route=\/wp\/v2\/pages"}],"about":[{"href":"https:\/\/congnghebangtai.com\/index.php?rest_route=\/wp\/v2\/types\/page"}],"author":[{"embeddable":true,"href":"https:\/\/congnghebangtai.com\/index.php?rest_route=\/wp\/v2\/users\/1"}],"replies":[{"embeddable":true,"href":"https:\/\/congnghebangtai.com\/index.php?rest_route=%2Fwp%2Fv2%2Fcomments&post=3013"}],"version-history":[{"count":1,"href":"https:\/\/congnghebangtai.com\/index.php?rest_route=\/wp\/v2\/pages\/3013\/revisions"}],"predecessor-version":[{"id":3014,"href":"https:\/\/congnghebangtai.com\/index.php?rest_route=\/wp\/v2\/pages\/3013\/revisions\/3014"}],"wp:attachment":[{"href":"https:\/\/congnghebangtai.com\/index.php?rest_route=%2Fwp%2Fv2%2Fmedia&parent=3013"}],"curies":[{"name":"wp","href":"https:\/\/api.w.org\/{rel}","templated":true}]}}