{"id":3023,"date":"2025-01-23T02:30:05","date_gmt":"2025-01-23T02:30:05","guid":{"rendered":"https:\/\/congnghebangtai.com\/?page_id=3023"},"modified":"2025-03-21T04:15:23","modified_gmt":"2025-03-21T04:15:23","slug":"gat-lam-sach-bang","status":"publish","type":"page","link":"https:\/\/congnghebangtai.com\/?page_id=3023","title":{"rendered":"M\u00e1y t\u00e1ch t\u1eeb"},"content":{"rendered":"<style>.kadence-column3023_d81309-d9 > .kt-inside-inner-col,.kadence-column3023_d81309-d9 > .kt-inside-inner-col:before{border-top-left-radius:0px;border-top-right-radius:0px;border-bottom-right-radius:0px;border-bottom-left-radius:0px;}.kadence-column3023_d81309-d9 > .kt-inside-inner-col:before{opacity:0.3;}.kadence-column3023_d81309-d9{position:relative;}<\/style>\n<div class=\"wp-block-kadence-column kadence-column3023_d81309-d9\"><div class=\"kt-inside-inner-col\"><style>.kb-image3023_5df592-bc .kb-image-has-overlay:after{opacity:0.3;}<\/style>\n<div class=\"wp-block-kadence-image kb-image3023_5df592-bc\"><figure class=\"aligncenter size-full\"><img fetchpriority=\"high\" decoding=\"async\" width=\"720\" height=\"540\" src=\"https:\/\/congnghebangtai.com\/wp-content\/uploads\/2025\/01\/Racleur-retouche-min-1.jpg\" alt=\"\" class=\"kb-img wp-image-3024\" srcset=\"https:\/\/congnghebangtai.com\/wp-content\/uploads\/2025\/01\/Racleur-retouche-min-1.jpg 720w, https:\/\/congnghebangtai.com\/wp-content\/uploads\/2025\/01\/Racleur-retouche-min-1-300x225.jpg 300w, https:\/\/congnghebangtai.com\/wp-content\/uploads\/2025\/01\/Racleur-retouche-min-1-700x525.jpg 700w\" sizes=\"(max-width: 720px) 100vw, 720px\" \/><\/figure><\/div>\n<\/div><\/div>\n\n\n\n<p><br><strong>Thi\u1ebft B\u1ecb V\u1ec7 Sinh B\u0103ng T\u1ea3i \u2013 Gi\u1ea3i Ph\u00e1p B\u1ea3o V\u1ec7 V\u00e0 N\u00e2ng Cao Hi\u1ec7u Su\u1ea5t B\u0103ng T\u1ea3i<\/strong><\/p>\n\n\n\n<p>B\u1ea1n c\u00f3 nh\u1eadn th\u1ea5y hi\u1ec7n t\u01b0\u1ee3ng v\u1eadt li\u1ec7u b\u00e1m d\u00ednh tr\u00ean b\u0103ng t\u1ea3i v\u00e0 b\u0103n kho\u0103n l\u00e0m sao \u0111\u1ec3 gi\u1eef b\u0103ng t\u1ea3i lu\u00f4n s\u1ea1ch s\u1ebd? Hay b\u1ea1n m\u1ec7t m\u1ecfi v\u00ec b\u0103ng t\u1ea3i b\u1ecb h\u01b0 h\u1ecfng qu\u00e1 nhanh? \u0110\u00e2y ch\u00ednh l\u00e0 l\u00fac c\u00e1c h\u1ec7 th\u1ed1ng v\u1ec7 sinh b\u0103ng t\u1ea3i tr\u1edf n\u00ean c\u1ea7n thi\u1ebft.<\/p>\n\n\n\n<p>C\u00e1c gi\u1ea3i ph\u00e1p v\u1ec7 sinh b\u0103ng t\u1ea3i, ch\u1eb3ng h\u1ea1n nh\u01b0 g\u1ea1t l\u00e0m s\u1ea1ch v\u00e0 g\u1ea1t b\u0103ng, kh\u00f4ng ch\u1ec9 gi\u00fap b\u1ea1n ti\u1ebft ki\u1ec7m th\u1eddi gian v\u00e0 c\u00f4ng s\u1ee9c d\u1ecdn d\u1eb9p m\u00e0 c\u00f2n t\u0103ng n\u0103ng su\u1ea5t ho\u1ea1t \u0111\u1ed9ng c\u1ee7a b\u0103ng t\u1ea3i. Nh\u1edd \u0111\u00f3, nh\u00e2n vi\u00ean c\u1ee7a b\u1ea1n c\u00f3 th\u1ec3 t\u1eadp trung v\u00e0o c\u00e1c c\u00f4ng vi\u1ec7c kh\u00e1c, \u0111\u1ea3m b\u1ea3o an to\u00e0n lao \u0111\u1ed9ng.<\/p>\n\n\n\n<p>C\u00e1c gi\u1ea3i ph\u00e1p v\u1ec7 sinh b\u0103ng t\u1ea3i c\u1ee7a <strong>MLT<\/strong> t\u01b0\u01a1ng th\u00edch v\u1edbi m\u1ecdi k\u00edch th\u01b0\u1edbc v\u00e0 t\u1ed1c \u0111\u1ed9 b\u0103ng t\u1ea3i, b\u1ea5t k\u1ec3 m\u00f4i tr\u01b0\u1eddng l\u00e0m vi\u1ec7c hay ng\u00e0nh c\u00f4ng nghi\u1ec7p (khai th\u00e1c m\u1ecf, ph\u00e2n b\u00f3n v\u00e0 h\u00f3a ch\u1ea5t, nh\u00e0 m\u00e1y \u0111\u00fac v\u00e0 th\u00e9p, c\u1ea3ng&#8230;).<\/p>\n\n\n<style>.kadence-column3023_d4df92-34 > .kt-inside-inner-col,.kadence-column3023_d4df92-34 > .kt-inside-inner-col:before{border-top-left-radius:0px;border-top-right-radius:0px;border-bottom-right-radius:0px;border-bottom-left-radius:0px;}.kadence-column3023_d4df92-34 > .kt-inside-inner-col:before{opacity:0.3;}.kadence-column3023_d4df92-34{position:relative;}<\/style>\n<div class=\"wp-block-kadence-column kadence-column3023_d4df92-34\"><div class=\"kt-inside-inner-col\">\n<div class=\"wp-block-columns is-layout-flex wp-container-core-columns-is-layout-9d6595d7 wp-block-columns-is-layout-flex\">\n<div class=\"wp-block-column is-layout-flow wp-block-column-is-layout-flow\" style=\"flex-basis:33.33%\"><style>.kb-image3023_ce768d-a2 .kb-image-has-overlay:after{opacity:0.3;}<\/style>\n<figure class=\"wp-block-kadence-image kb-image3023_ce768d-a2 size-full\"><img fetchpriority=\"high\" decoding=\"async\" width=\"720\" height=\"540\" src=\"https:\/\/congnghebangtai.com\/wp-content\/uploads\/2025\/01\/Racleur-retouche-min-1.jpg\" alt=\"\" class=\"kb-img wp-image-3024\" srcset=\"https:\/\/congnghebangtai.com\/wp-content\/uploads\/2025\/01\/Racleur-retouche-min-1.jpg 720w, https:\/\/congnghebangtai.com\/wp-content\/uploads\/2025\/01\/Racleur-retouche-min-1-300x225.jpg 300w, https:\/\/congnghebangtai.com\/wp-content\/uploads\/2025\/01\/Racleur-retouche-min-1-700x525.jpg 700w\" sizes=\"(max-width: 720px) 100vw, 720px\" \/><\/figure>\n<\/div>\n\n\n\n<div class=\"wp-block-column is-layout-flow wp-block-column-is-layout-flow\" style=\"flex-basis:66.66%\">\n<h2 class=\"wp-block-heading\">RacloFlex\u2122 Z\u00b2<\/h2>\n\n\n\n<p>M\u1ed9t \u0111\u1ed9t ph\u00e1 c\u00f4ng ngh\u1ec7 \u0111\u1ed9c \u0111\u00e1o tr\u00ean th\u1ecb tr\u01b0\u1eddng, t\u01b0\u01a1ng th\u00edch v\u1edbi c\u00e1c s\u1ea3n ph\u1ea9m <strong>SUPER\u2011SCREW\u00ae<\/strong>, <strong>ISC\u2122<\/strong> v\u00e0 <strong>FIX&#8217;N GO\u00ae<\/strong>.<\/p>\n\n\n\n<p>H\u1ec7 th\u1ed1ng v\u1ec7 sinh b\u0103ng t\u1ea3i th\u00f4ng minh n\u00e0y ph\u00f9 h\u1ee3p v\u1edbi h\u1ea7u h\u1ebft c\u00e1c c\u1ea5u tr\u00fac b\u0103ng t\u1ea3i. M\u1ed7i l\u01b0\u1ee1i g\u1ea1t v\u1edbi thi\u1ebft k\u1ebf ch\u1ed1ng t\u1eafc ngh\u1ebdn \u0111\u1ec1u \u0111\u01b0\u1ee3c trang b\u1ecb 2 l\u00f2 xo b\u00ean trong v\u00e0 \u0111\u01b0\u1ee3c k\u1ebft n\u1ed1i nhanh ch\u00f3ng tr\u00ean m\u1ed9t tr\u1ee5c xoay, cho ph\u00e9p chuy\u1ec3n \u0111\u1ed9ng linh ho\u1ea1t&#8230;<\/p>\n<\/div>\n<\/div>\n<\/div><\/div>\n\n\n\n<div class=\"wp-block-columns is-layout-flex wp-container-core-columns-is-layout-9d6595d7 wp-block-columns-is-layout-flex\">\n<div class=\"wp-block-column is-layout-flow wp-block-column-is-layout-flow\" style=\"flex-basis:66.66%\">\n<h2 class=\"wp-block-heading has-text-align-right\">RacloFlex\u2122 SW<\/h2>\n\n\n\n<p class=\"has-text-align-right\"><strong>M\u1ed9t h\u1ec7 th\u1ed1ng g\u1ea1t b\u0103ng t\u1ea3i \u0111\u1ed9c \u0111\u00e1o v\u00e0 s\u00e1ng t\u1ea1o, duy nh\u1ea5t c\u00f3 kh\u1ea3 n\u0103ng b\u00f9 tr\u1eeb hao m\u00f2n<\/strong><\/p>\n\n\n\n<p class=\"has-text-align-right\">H\u1ec7 th\u1ed1ng g\u1ea1t b\u0103ng t\u1ea3i th\u00f4ng minh n\u00e0y th\u00edch \u1ee9ng v\u1edbi b\u0103ng t\u1ea3i c\u1ee7a b\u1ea1n. RacloFlex\u2122 SW c\u00f3 m\u1ed9t l\u01b0\u1ee1i g\u1ea1t v\u1edbi hai mi\u1ebfng ch\u00e8n gi\u00fap chuy\u1ec3n \u0111\u1ed5i c\u00e1c \u00e1p l\u1ef1c b\u00ean ngo\u00e0i sang \u00e1p l\u1ef1c trung t\u00e2m t\u0103ng l\u00ean. Do \u0111\u00f3, h\u1ec7 th\u1ed1ng g\u1ea1t t\u1ef1 \u0111\u1ed9ng th\u00edch \u1ee9ng v\u00e0 b\u00f9 tr\u1eeb cho s\u1ef1 hao m\u00f2n c\u1ee7a ch\u00ednh n\u00f3.<\/p>\n<\/div>\n\n\n\n<div class=\"wp-block-column is-layout-flow wp-block-column-is-layout-flow\" style=\"flex-basis:33.33%\"><style>.kb-image3023_5f669f-e3 .kb-image-has-overlay:after{opacity:0.3;}<\/style>\n<figure class=\"wp-block-kadence-image kb-image3023_5f669f-e3 size-large\"><img decoding=\"async\" width=\"1024\" height=\"768\" src=\"https:\/\/congnghebangtai.com\/wp-content\/uploads\/2025\/01\/MLT_Racloflex_SW_equipement-pour-convoyeur-1-1024x768.jpg\" alt=\"\" class=\"kb-img wp-image-3026\" srcset=\"https:\/\/congnghebangtai.com\/wp-content\/uploads\/2025\/01\/MLT_Racloflex_SW_equipement-pour-convoyeur-1-1024x768.jpg 1024w, https:\/\/congnghebangtai.com\/wp-content\/uploads\/2025\/01\/MLT_Racloflex_SW_equipement-pour-convoyeur-1-300x225.jpg 300w, https:\/\/congnghebangtai.com\/wp-content\/uploads\/2025\/01\/MLT_Racloflex_SW_equipement-pour-convoyeur-1-768x576.jpg 768w, https:\/\/congnghebangtai.com\/wp-content\/uploads\/2025\/01\/MLT_Racloflex_SW_equipement-pour-convoyeur-1-700x525.jpg 700w, https:\/\/congnghebangtai.com\/wp-content\/uploads\/2025\/01\/MLT_Racloflex_SW_equipement-pour-convoyeur-1.jpg 1280w\" sizes=\"(max-width: 1024px) 100vw, 1024px\" \/><\/figure>\n<\/div>\n<\/div>\n\n\n\n<div class=\"wp-block-columns is-layout-flex wp-container-core-columns-is-layout-9d6595d7 wp-block-columns-is-layout-flex\">\n<div class=\"wp-block-column is-layout-flow wp-block-column-is-layout-flow\" style=\"flex-basis:33.33%\"><style>.kb-image3023_545b53-57 .kb-image-has-overlay:after{opacity:0.3;}<\/style>\n<figure class=\"wp-block-kadence-image kb-image3023_545b53-57 size-large\"><img decoding=\"async\" width=\"1024\" height=\"969\" src=\"https:\/\/congnghebangtai.com\/wp-content\/uploads\/2025\/01\/MLT-Racloflex-Metal-1-1024x969.jpg\" alt=\"\" class=\"kb-img wp-image-3027\" srcset=\"https:\/\/congnghebangtai.com\/wp-content\/uploads\/2025\/01\/MLT-Racloflex-Metal-1-1024x969.jpg 1024w, https:\/\/congnghebangtai.com\/wp-content\/uploads\/2025\/01\/MLT-Racloflex-Metal-1-300x284.jpg 300w, https:\/\/congnghebangtai.com\/wp-content\/uploads\/2025\/01\/MLT-Racloflex-Metal-1-768x727.jpg 768w, https:\/\/congnghebangtai.com\/wp-content\/uploads\/2025\/01\/MLT-Racloflex-Metal-1-1536x1453.jpg 1536w, https:\/\/congnghebangtai.com\/wp-content\/uploads\/2025\/01\/MLT-Racloflex-Metal-1-700x662.jpg 700w, https:\/\/congnghebangtai.com\/wp-content\/uploads\/2025\/01\/MLT-Racloflex-Metal-1.jpg 2000w\" sizes=\"(max-width: 1024px) 100vw, 1024px\" \/><\/figure>\n<\/div>\n\n\n\n<div class=\"wp-block-column is-layout-flow wp-block-column-is-layout-flow\" style=\"flex-basis:66.66%\">\n<h2 class=\"wp-block-heading\">RacloFlex\u2122 Metal<\/h2>\n\n\n\n<p><strong>Hi\u1ec7u qu\u1ea3 t\u1ed1i \u0111a: b\u1ea3o tr\u00ec ti\u1ebft ki\u1ec7m chi ph\u00ed<\/strong><\/p>\n\n\n\n<p>Vi\u1ec7c thay th\u1ebf v\u00e0 \u0111i\u1ec1u ch\u1ec9nh \u0111\u1ed9c l\u1eadp t\u1eebng l\u01b0\u1ee1i g\u1ea1t. Do \u0111\u1ed9 nghi\u00eang t\u1ef1 nhi\u00ean c\u1ee7a v\u1eadt li\u1ec7u mang theo, vi\u1ec7c l\u00e0m s\u1ea1ch \u1edf gi\u1eefa b\u0103ng t\u1ea3i s\u1ebd m\u1ea1nh m\u1ebd h\u01a1n v\u00e0 d\u1eabn \u0111\u1ebfn vi\u1ec7c l\u01b0\u1ee1i g\u1ea1t b\u1ecb m\u00e0i m\u00f2n nhanh h\u01a1n. M\u1ed9t h\u1ec7 th\u1ed1ng g\u1ea1t \u0111\u01a1n gi\u1ea3n v\u1edbi l\u01b0\u1ee1i g\u1ea1t \u0111\u01a1n kh\u00f4ng th\u1ec3 kh\u1eafc ph\u1ee5c v\u1ea5n \u0111\u1ec1 n\u00e0y.<\/p>\n<\/div>\n<\/div>\n\n\n\n<div class=\"wp-block-columns is-layout-flex wp-container-core-columns-is-layout-9d6595d7 wp-block-columns-is-layout-flex\">\n<div class=\"wp-block-column is-layout-flow wp-block-column-is-layout-flow\" style=\"flex-basis:66.66%\">\n<h2 class=\"wp-block-heading has-text-align-right\">RacloFlex\u2122 N<\/h2>\n\n\n\n<p class=\"has-text-align-right\"><strong>B\u1ea3o v\u1ec7 c\u1ea5u tr\u00fac l\u00e2u d\u00e0i<\/strong><\/p>\n\n\n\n<p class=\"has-text-align-right\">H\u1ec7 th\u1ed1ng l\u00e0m s\u1ea1ch b\u0103ng t\u1ea3i th\u00f4ng minh v\u00e0 linh ho\u1ea1t. Kh\u00e1c v\u1edbi c\u00e1c h\u1ec7 th\u1ed1ng g\u1ea1t b\u0103ng t\u1ea3i v\u1edbi l\u01b0\u1ee1i g\u1ea1t \u0111\u01a1n, RacloFlex\u2122 N bao g\u1ed3m c\u00e1c l\u01b0\u1ee1i g\u1ea1t \u0111\u01b0\u1ee3c h\u1ed7 tr\u1ee3 b\u1edfi c\u00e1c kh\u1ed1i gi\u1ea3m ch\u1ea5n, c\u00f3 th\u1ec3 \u0111i\u1ec1u ch\u1ec9nh \u0111\u1ed9c l\u1eadp \u0111\u1ec3 ph\u00f9 h\u1ee3p v\u1edbi h\u00ecnh d\u1ea1ng b\u0103ng t\u1ea3i v\u00e0 b\u00f9 tr\u1eeb cho s\u1ef1 hao m\u00f2n nhanh ch\u00f3ng c\u1ee7a m\u1ed9t s\u1ed1 l\u01b0\u1ee1i g\u1ea1t.<\/p>\n<\/div>\n\n\n\n<div class=\"wp-block-column is-layout-flow wp-block-column-is-layout-flow\" style=\"flex-basis:33.33%\"><style>.kb-image3023_a2d356-bd .kb-image-has-overlay:after{opacity:0.3;}<\/style>\n<figure class=\"wp-block-kadence-image kb-image3023_a2d356-bd size-large\"><img loading=\"lazy\" decoding=\"async\" width=\"1024\" height=\"571\" src=\"https:\/\/congnghebangtai.com\/wp-content\/uploads\/2025\/01\/Image101-min-1-1024x571.jpg\" alt=\"\" class=\"kb-img wp-image-3025\" srcset=\"https:\/\/congnghebangtai.com\/wp-content\/uploads\/2025\/01\/Image101-min-1-1024x571.jpg 1024w, https:\/\/congnghebangtai.com\/wp-content\/uploads\/2025\/01\/Image101-min-1-300x167.jpg 300w, https:\/\/congnghebangtai.com\/wp-content\/uploads\/2025\/01\/Image101-min-1-768x429.jpg 768w, https:\/\/congnghebangtai.com\/wp-content\/uploads\/2025\/01\/Image101-min-1-1536x857.jpg 1536w, https:\/\/congnghebangtai.com\/wp-content\/uploads\/2025\/01\/Image101-min-1-700x391.jpg 700w, https:\/\/congnghebangtai.com\/wp-content\/uploads\/2025\/01\/Image101-min-1.jpg 1670w\" sizes=\"(max-width: 1024px) 100vw, 1024px\" \/><\/figure>\n<\/div>\n<\/div>\n\n\n\n<div class=\"wp-block-columns is-layout-flex wp-container-core-columns-is-layout-9d6595d7 wp-block-columns-is-layout-flex\">\n<div class=\"wp-block-column is-layout-flow wp-block-column-is-layout-flow\" style=\"flex-basis:33.33%\"><style>.kb-image3023_5f5976-2a .kb-image-has-overlay:after{opacity:0.3;}<\/style>\n<figure class=\"wp-block-kadence-image kb-image3023_5f5976-2a size-large\"><img loading=\"lazy\" decoding=\"async\" width=\"1024\" height=\"768\" src=\"https:\/\/congnghebangtai.com\/wp-content\/uploads\/2025\/01\/MLT-\ud835\udde5\ud835\uddee\ud835\uddf0\ud835\uddf9\ud835\uddfc\ud835\uddd9\ud835\uddf9\ud835\uddf2\ud835\ude05-\ud835\udde1\ud835\udde7-Eurovia-quarry-1024x768.jpg\" alt=\"\" class=\"kb-img wp-image-3028\" srcset=\"https:\/\/congnghebangtai.com\/wp-content\/uploads\/2025\/01\/MLT-\ud835\udde5\ud835\uddee\ud835\uddf0\ud835\uddf9\ud835\uddfc\ud835\uddd9\ud835\uddf9\ud835\uddf2\ud835\ude05-\ud835\udde1\ud835\udde7-Eurovia-quarry-1024x768.jpg 1024w, https:\/\/congnghebangtai.com\/wp-content\/uploads\/2025\/01\/MLT-\ud835\udde5\ud835\uddee\ud835\uddf0\ud835\uddf9\ud835\uddfc\ud835\uddd9\ud835\uddf9\ud835\uddf2\ud835\ude05-\ud835\udde1\ud835\udde7-Eurovia-quarry-300x225.jpg 300w, https:\/\/congnghebangtai.com\/wp-content\/uploads\/2025\/01\/MLT-\ud835\udde5\ud835\uddee\ud835\uddf0\ud835\uddf9\ud835\uddfc\ud835\uddd9\ud835\uddf9\ud835\uddf2\ud835\ude05-\ud835\udde1\ud835\udde7-Eurovia-quarry-768x576.jpg 768w, https:\/\/congnghebangtai.com\/wp-content\/uploads\/2025\/01\/MLT-\ud835\udde5\ud835\uddee\ud835\uddf0\ud835\uddf9\ud835\uddfc\ud835\uddd9\ud835\uddf9\ud835\uddf2\ud835\ude05-\ud835\udde1\ud835\udde7-Eurovia-quarry-1536x1152.jpg 1536w, https:\/\/congnghebangtai.com\/wp-content\/uploads\/2025\/01\/MLT-\ud835\udde5\ud835\uddee\ud835\uddf0\ud835\uddf9\ud835\uddfc\ud835\uddd9\ud835\uddf9\ud835\uddf2\ud835\ude05-\ud835\udde1\ud835\udde7-Eurovia-quarry-700x525.jpg 700w, https:\/\/congnghebangtai.com\/wp-content\/uploads\/2025\/01\/MLT-\ud835\udde5\ud835\uddee\ud835\uddf0\ud835\uddf9\ud835\uddfc\ud835\uddd9\ud835\uddf9\ud835\uddf2\ud835\ude05-\ud835\udde1\ud835\udde7-Eurovia-quarry.jpg 2048w\" sizes=\"(max-width: 1024px) 100vw, 1024px\" \/><\/figure>\n<\/div>\n\n\n\n<div class=\"wp-block-column is-layout-flow wp-block-column-is-layout-flow\" style=\"flex-basis:66.66%\">\n<h2 class=\"wp-block-heading\">RacloFlex\u2122 NT<\/h2>\n\n\n\n<p><strong>M\u1ed9t s\u00e1ng t\u1ea1o ng\u0103n ng\u1eeba s\u1ef1 m\u00e0i m\u00f2n<\/strong><\/p>\n\n\n\n<p>Thi\u1ebft b\u1ecb l\u00e0m s\u1ea1ch b\u0103ng t\u1ea3i th\u00f4ng minh gi\u00fap b\u00f9 tr\u1eeb cho s\u1ef1 hao m\u00f2n. Kh\u00e1c v\u1edbi c\u00e1c g\u1ea1t b\u0103ng t\u1ea3i v\u1edbi l\u01b0\u1ee1i g\u1ea1t \u0111\u01a1n gi\u1ea3n, RacloFlex\u2122 NT bao g\u1ed3m c\u00e1c l\u01b0\u1ee1i g\u1ea1t \u0111\u01b0\u1ee3c h\u1ed7 tr\u1ee3 b\u1edfi c\u00e1c kh\u1ed1i gi\u1ea3m ch\u1ea5n, c\u00f3 th\u1ec3 \u0111i\u1ec1u ch\u1ec9nh \u0111\u1ed9c l\u1eadp \u0111\u1ec3 ph\u00f9 h\u1ee3p v\u1edbi h\u00ecnh d\u1ea1ng b\u0103ng t\u1ea3i v\u00e0 b\u00f9 tr\u1eeb cho s\u1ef1 m\u00e0i m\u00f2n nhanh ch\u00f3ng c\u1ee7a m\u1ed9t s\u1ed1 l\u01b0\u1ee1i g\u1ea1t.<\/p>\n<\/div>\n<\/div>\n\n\n\n<div class=\"wp-block-columns is-layout-flex wp-container-core-columns-is-layout-9d6595d7 wp-block-columns-is-layout-flex\">\n<div class=\"wp-block-column is-layout-flow wp-block-column-is-layout-flow\" style=\"flex-basis:66.66%\">\n<h2 class=\"wp-block-heading has-text-align-right\">RacloFlex\u2122 VP<\/h2>\n\n\n\n<p class=\"has-text-align-right\"><strong>G\u1ea1t ph\u00e2n \u0111o\u1ea1n pilot v\u1edbi \u00e1p l\u1ef1c t\u1ef1 \u0111\u1ed9ng, h\u1ec7 th\u1ed1ng hi\u1ec7u su\u1ea5t cao v\u00e0 tu\u1ed5i th\u1ecd t\u1ed1i \u01b0u<\/strong><\/p>\n\n\n\n<p class=\"has-text-align-right\">H\u1ec7 th\u1ed1ng kh\u1edbp n\u1ed1i linh ho\u1ea1t th\u00edch \u1ee9ng v\u1edbi c\u00e1c t\u00ecnh hu\u1ed1ng nguy hi\u1ec3m. B\u1ed9 h\u1ed7 tr\u1ee3 h\u00ecnh thoi gi\u1eef li\u00ean t\u1ee5c ti\u1ebfp x\u00fac v\u1edbi b\u0103ng t\u1ea3i b\u1ea5t k\u1ec3 m\u1ee9c \u0111\u1ed9 m\u00e0i m\u00f2n c\u1ee7a l\u01b0\u1ee1i g\u1ea1t v\u00e0 cho ph\u00e9p n\u00e2ng n\u00f3 l\u00ean khi g\u1eb7p t\u00ecnh hu\u1ed1ng nguy hi\u1ec3m.<\/p>\n<\/div>\n\n\n\n<div class=\"wp-block-column is-layout-flow wp-block-column-is-layout-flow\" style=\"flex-basis:33.33%\"><style>.kb-image3023_adab2b-a2 .kb-image-has-overlay:after{opacity:0.3;}<\/style>\n<figure class=\"wp-block-kadence-image kb-image3023_adab2b-a2 size-large\"><img loading=\"lazy\" decoding=\"async\" width=\"1024\" height=\"768\" src=\"https:\/\/congnghebangtai.com\/wp-content\/uploads\/2025\/01\/MLT-Racloflex-VP-Reversible-Polyurethane-blades-2-1024x768.jpg\" alt=\"\" class=\"kb-img wp-image-3029\" srcset=\"https:\/\/congnghebangtai.com\/wp-content\/uploads\/2025\/01\/MLT-Racloflex-VP-Reversible-Polyurethane-blades-2-1024x768.jpg 1024w, https:\/\/congnghebangtai.com\/wp-content\/uploads\/2025\/01\/MLT-Racloflex-VP-Reversible-Polyurethane-blades-2-300x225.jpg 300w, https:\/\/congnghebangtai.com\/wp-content\/uploads\/2025\/01\/MLT-Racloflex-VP-Reversible-Polyurethane-blades-2-768x576.jpg 768w, https:\/\/congnghebangtai.com\/wp-content\/uploads\/2025\/01\/MLT-Racloflex-VP-Reversible-Polyurethane-blades-2-1536x1152.jpg 1536w, https:\/\/congnghebangtai.com\/wp-content\/uploads\/2025\/01\/MLT-Racloflex-VP-Reversible-Polyurethane-blades-2-700x525.jpg 700w, https:\/\/congnghebangtai.com\/wp-content\/uploads\/2025\/01\/MLT-Racloflex-VP-Reversible-Polyurethane-blades-2.jpg 1600w\" sizes=\"(max-width: 1024px) 100vw, 1024px\" \/><\/figure>\n<\/div>\n<\/div>\n\n\n\n<div class=\"wp-block-columns is-layout-flex wp-container-core-columns-is-layout-9d6595d7 wp-block-columns-is-layout-flex\">\n<div class=\"wp-block-column is-layout-flow wp-block-column-is-layout-flow\" style=\"flex-basis:33.33%\"><style>.kb-image3023_23ea5c-a0 .kb-image-has-overlay:after{opacity:0.3;}<\/style>\n<figure class=\"wp-block-kadence-image kb-image3023_23ea5c-a0 size-large\"><img loading=\"lazy\" decoding=\"async\" width=\"768\" height=\"1024\" src=\"https:\/\/congnghebangtai.com\/wp-content\/uploads\/2025\/01\/MLT-RacloFlex-DP-768x1024.jpg\" alt=\"\" class=\"kb-img wp-image-3030\" srcset=\"https:\/\/congnghebangtai.com\/wp-content\/uploads\/2025\/01\/MLT-RacloFlex-DP-768x1024.jpg 768w, https:\/\/congnghebangtai.com\/wp-content\/uploads\/2025\/01\/MLT-RacloFlex-DP-225x300.jpg 225w, https:\/\/congnghebangtai.com\/wp-content\/uploads\/2025\/01\/MLT-RacloFlex-DP-1152x1536.jpg 1152w, https:\/\/congnghebangtai.com\/wp-content\/uploads\/2025\/01\/MLT-RacloFlex-DP-1536x2048.jpg 1536w, https:\/\/congnghebangtai.com\/wp-content\/uploads\/2025\/01\/MLT-RacloFlex-DP-700x933.jpg 700w, https:\/\/congnghebangtai.com\/wp-content\/uploads\/2025\/01\/MLT-RacloFlex-DP-scaled.jpg 1920w\" sizes=\"(max-width: 768px) 100vw, 768px\" \/><\/figure>\n<\/div>\n\n\n\n<div class=\"wp-block-column is-layout-flow wp-block-column-is-layout-flow\" style=\"flex-basis:66.66%\">\n<h2 class=\"wp-block-heading\">RacloFlex\u2122 DP<\/h2>\n\n\n\n<p><strong>Gi\u1ea3i ph\u00e1p k\u1ef9 thu\u1eadt, \u0111\u00e1ng tin c\u1eady v\u00e0 ch\u1eafc ch\u1eafn<\/strong><\/p>\n\n\n\n<p>Gi\u1ea3i ph\u00e1p l\u00e0m s\u1ea1ch b\u0103ng t\u1ea3i c\u00f3 th\u1ec3 \u0111i\u1ec1u ch\u1ec9nh, ti\u1ebfp x\u00fac li\u00ean t\u1ee5c v\u1edbi b\u0103ng t\u1ea3i. B\u1ed9 h\u1ed7 tr\u1ee3 tr\u01b0\u1ee3t cho ph\u00e9p chuy\u1ec3n \u0111\u1ed9ng l\u00ean xu\u1ed1ng c\u1ee7a to\u00e0n b\u1ed9 c\u1ea5u tr\u00fac, gi\u00fap g\u1ea1t ti\u1ebfp t\u1ee5c gi\u1eef li\u00ean t\u1ee5c ti\u1ebfp x\u00fac v\u1edbi b\u0103ng t\u1ea3i b\u1ea5t k\u1ec3 m\u1ee9c \u0111\u1ed9 m\u00e0i m\u00f2n c\u1ee7a l\u01b0\u1ee1i g\u1ea1t v\u00e0 cho ph\u00e9p n\u00e2ng n\u00f3 l\u00ean khi c\u1ea7n thi\u1ebft.<\/p>\n<\/div>\n<\/div>\n","protected":false},"excerpt":{"rendered":"<p>Thi\u1ebft B\u1ecb V\u1ec7 Sinh B\u0103ng T\u1ea3i \u2013 Gi\u1ea3i Ph\u00e1p B\u1ea3o V\u1ec7 V\u00e0 N\u00e2ng Cao Hi\u1ec7u Su\u1ea5t B\u0103ng T\u1ea3i B\u1ea1n c\u00f3 nh\u1eadn th\u1ea5y hi\u1ec7n t\u01b0\u1ee3ng v\u1eadt li\u1ec7u b\u00e1m d\u00ednh tr\u00ean b\u0103ng t\u1ea3i v\u00e0 b\u0103n kho\u0103n l\u00e0m sao \u0111\u1ec3 gi\u1eef b\u0103ng t\u1ea3i lu\u00f4n s\u1ea1ch s\u1ebd? Hay b\u1ea1n m\u1ec7t m\u1ecfi v\u00ec b\u0103ng t\u1ea3i b\u1ecb h\u01b0 h\u1ecfng qu\u00e1 nhanh?&#8230;<\/p>\n","protected":false},"author":1,"featured_media":0,"parent":0,"menu_order":0,"comment_status":"closed","ping_status":"closed","template":"","meta":{"_kad_blocks_custom_css":"","_kad_blocks_head_custom_js":"","_kad_blocks_body_custom_js":"","_kad_blocks_footer_custom_js":"","_kad_post_transparent":"","_kad_post_title":"","_kad_post_layout":"","_kad_post_sidebar_id":"","_kad_post_content_style":"","_kad_post_vertical_padding":"","_kad_post_feature":"","_kad_post_feature_position":"","_kad_post_header":false,"_kad_post_footer":false,"footnotes":""},"class_list":["post-3023","page","type-page","status-publish","hentry"],"taxonomy_info":[],"featured_image_src_large":false,"author_info":{"display_name":"admin","author_link":"https:\/\/congnghebangtai.com\/?author=1"},"comment_info":0,"_links":{"self":[{"href":"https:\/\/congnghebangtai.com\/index.php?rest_route=\/wp\/v2\/pages\/3023","targetHints":{"allow":["GET"]}}],"collection":[{"href":"https:\/\/congnghebangtai.com\/index.php?rest_route=\/wp\/v2\/pages"}],"about":[{"href":"https:\/\/congnghebangtai.com\/index.php?rest_route=\/wp\/v2\/types\/page"}],"author":[{"embeddable":true,"href":"https:\/\/congnghebangtai.com\/index.php?rest_route=\/wp\/v2\/users\/1"}],"replies":[{"embeddable":true,"href":"https:\/\/congnghebangtai.com\/index.php?rest_route=%2Fwp%2Fv2%2Fcomments&post=3023"}],"version-history":[{"count":4,"href":"https:\/\/congnghebangtai.com\/index.php?rest_route=\/wp\/v2\/pages\/3023\/revisions"}],"predecessor-version":[{"id":4122,"href":"https:\/\/congnghebangtai.com\/index.php?rest_route=\/wp\/v2\/pages\/3023\/revisions\/4122"}],"wp:attachment":[{"href":"https:\/\/congnghebangtai.com\/index.php?rest_route=%2Fwp%2Fv2%2Fmedia&parent=3023"}],"curies":[{"name":"wp","href":"https:\/\/api.w.org\/{rel}","templated":true}]}}