{"id":3123,"date":"2025-02-04T02:48:13","date_gmt":"2025-02-04T02:48:13","guid":{"rendered":"https:\/\/congnghebangtai.com\/?page_id=3123"},"modified":"2025-02-24T02:25:22","modified_gmt":"2025-02-24T02:25:22","slug":"dich-vu","status":"publish","type":"page","link":"https:\/\/congnghebangtai.com\/?page_id=3123","title":{"rendered":"D\u1ecbch V\u1ee5"},"content":{"rendered":"\n<div class=\"wp-block-group alignfull has-theme-palette-9-background-color has-background\" style=\"padding-top:3vw;padding-right:5vw;padding-bottom:3vw;padding-left:5vw\"><div class=\"wp-block-group__inner-container is-layout-flow wp-block-group-is-layout-flow\">\n<h2 class=\"wp-block-heading\" style=\"font-size:63px\">D\u1ecbch V\u1ee5<\/h2>\n\n\n<style>.kb-row-layout-id3123_aca1b3-b6 > .kt-row-column-wrap{align-content:start;}:where(.kb-row-layout-id3123_aca1b3-b6 > .kt-row-column-wrap) > .wp-block-kadence-column{justify-content:start;}.kb-row-layout-id3123_aca1b3-b6 > .kt-row-column-wrap{column-gap:var(--global-kb-gap-md, 2rem);row-gap:var(--global-kb-gap-md, 2rem);padding-bottom:var(--global-kb-spacing-sm, 1.5rem);grid-template-columns:minmax(0, 2fr) minmax(0, 1fr) minmax(0, 1fr);}.kb-row-layout-id3123_aca1b3-b6 > .kt-row-layout-overlay{opacity:0.30;}@media all and (max-width: 1024px){.kb-row-layout-id3123_aca1b3-b6 > .kt-row-column-wrap{grid-template-columns:repeat(3, minmax(0, 1fr));}}@media all and (max-width: 767px){.kb-row-layout-id3123_aca1b3-b6 > .kt-row-column-wrap{grid-template-columns:minmax(0, 1fr);}}<\/style><div class=\"kb-row-layout-wrap kb-row-layout-id3123_aca1b3-b6 alignnone wp-block-kadence-rowlayout\"><div class=\"kt-row-column-wrap kt-has-3-columns kt-row-layout-left-half kt-tab-layout-inherit kt-mobile-layout-row kt-row-valign-top\">\n<style>.kadence-column3123_2bfdef-33 > .kt-inside-inner-col,.kadence-column3123_2bfdef-33 > .kt-inside-inner-col:before{border-top-left-radius:0px;border-top-right-radius:0px;border-bottom-right-radius:0px;border-bottom-left-radius:0px;}.kadence-column3123_2bfdef-33 > .kt-inside-inner-col:before{opacity:0.3;}.kadence-column3123_2bfdef-33{position:relative;}<\/style>\n<div class=\"wp-block-kadence-column kadence-column3123_2bfdef-33\"><div class=\"kt-inside-inner-col\">\n<p class=\"has-text-color\" style=\"color:#000000;font-size:17px\"><br><br><br><br>Ch\u00fang t\u00f4i chuy\u00ean cung c\u1ea5p d\u1ecbch v\u1ee5 <strong>thi\u1ebft k\u1ebf v\u00e0 l\u1eafp \u0111\u1eb7t h\u1ec7 th\u1ed1ng b\u0103ng t\u1ea3i theo y\u00eau c\u1ea7u<\/strong>, gi\u00fap doanh nghi\u1ec7p t\u1ed1i \u01b0u h\u00f3a quy tr\u00ecnh s\u1ea3n xu\u1ea5t. V\u1edbi \u0111\u1ed9i ng\u0169 k\u1ef9 s\u01b0 gi\u00e0u kinh nghi\u1ec7m v\u00e0 gi\u1ea3i ph\u00e1p c\u00f4ng ngh\u1ec7 ti\u00ean ti\u1ebfn, ch\u00fang t\u00f4i cam k\u1ebft mang \u0111\u1ebfn nh\u1eefng h\u1ec7 th\u1ed1ng b\u0103ng t\u1ea3i <strong>hi\u1ec7u qu\u1ea3, b\u1ec1n b\u1ec9 v\u00e0 ph\u00f9 h\u1ee3p nh\u1ea5t<\/strong> v\u1edbi nhu c\u1ea7u th\u1ef1c t\u1ebf c\u1ee7a kh\u00e1ch h\u00e0ng.<\/p>\n\n\n\n<p class=\"has-text-color\" style=\"color:#000000;font-size:17px\">Ch\u00fang t\u00f4i cung c\u1ea5p d\u1ecbch v\u1ee5 <strong>t\u01b0 v\u1ea5n gi\u1ea3i ph\u00e1p t\u1ed1i \u01b0u h\u00f3a quy tr\u00ecnh v\u1eadn h\u00e0nh<\/strong>, gi\u00fap doanh nghi\u1ec7p n\u00e2ng cao hi\u1ec7u su\u1ea5t, gi\u1ea3m thi\u1ec3u chi ph\u00ed v\u00e0 h\u1ea1n ch\u1ebf r\u1ee7i ro trong s\u1ea3n xu\u1ea5t. V\u1edbi \u0111\u1ed9i ng\u0169 k\u1ef9 s\u01b0 gi\u00e0u kinh nghi\u1ec7m, ch\u00fang t\u00f4i ph\u00e2n t\u00edch chi ti\u1ebft h\u1ec7 th\u1ed1ng hi\u1ec7n t\u1ea1i, \u0111\u1ec1 xu\u1ea5t c\u00e1c gi\u1ea3i ph\u00e1p <strong>c\u1ea3i ti\u1ebfn b\u0103ng t\u1ea3i, t\u1ed1i \u01b0u d\u00f2ng ch\u1ea3y v\u1eadt li\u1ec7u v\u00e0 n\u00e2ng cao \u0111\u1ed9 b\u1ec1n thi\u1ebft b\u1ecb<\/strong>, \u0111\u1ea3m b\u1ea3o qu\u00e1 tr\u00ecnh v\u1eadn h\u00e0nh di\u1ec5n ra <strong>tr\u01a1n tru, an to\u00e0n v\u00e0 hi\u1ec7u qu\u1ea3 nh\u1ea5t<\/strong>.<\/p>\n<\/div><\/div>\n\n\n<style>.kadence-column3123_849bed-0a > .kt-inside-inner-col,.kadence-column3123_849bed-0a > .kt-inside-inner-col:before{border-top-left-radius:0px;border-top-right-radius:0px;border-bottom-right-radius:0px;border-bottom-left-radius:0px;}.kadence-column3123_849bed-0a > .kt-inside-inner-col:before{opacity:0.3;}.kadence-column3123_849bed-0a{position:relative;}<\/style>\n<div class=\"wp-block-kadence-column kadence-column3123_849bed-0a\"><div class=\"kt-inside-inner-col\"><style>.kb-image3123_1fc43f-f9 .kb-image-has-overlay:after{opacity:0.3;}<\/style>\n<figure class=\"wp-block-kadence-image kb-image3123_1fc43f-f9 size-full\"><img fetchpriority=\"high\" decoding=\"async\" width=\"500\" height=\"250\" src=\"https:\/\/congnghebangtai.com\/wp-content\/uploads\/2025\/02\/Thiet-ke-chua-co-ten-46.png\" alt=\"\" class=\"kb-img wp-image-3827\" srcset=\"https:\/\/congnghebangtai.com\/wp-content\/uploads\/2025\/02\/Thiet-ke-chua-co-ten-46.png 500w, https:\/\/congnghebangtai.com\/wp-content\/uploads\/2025\/02\/Thiet-ke-chua-co-ten-46-300x150.png 300w\" sizes=\"(max-width: 500px) 100vw, 500px\" \/><\/figure>\n\n\n<style>.kb-image3123_0f4b50-d3 .kb-image-has-overlay:after{opacity:0.3;}<\/style>\n<figure class=\"wp-block-kadence-image kb-image3123_0f4b50-d3 size-full\"><img decoding=\"async\" width=\"500\" height=\"250\" src=\"https:\/\/congnghebangtai.com\/wp-content\/uploads\/2025\/02\/Thiet-ke-chua-co-ten-44.png\" alt=\"\" class=\"kb-img wp-image-3829\" srcset=\"https:\/\/congnghebangtai.com\/wp-content\/uploads\/2025\/02\/Thiet-ke-chua-co-ten-44.png 500w, https:\/\/congnghebangtai.com\/wp-content\/uploads\/2025\/02\/Thiet-ke-chua-co-ten-44-300x150.png 300w\" sizes=\"(max-width: 500px) 100vw, 500px\" \/><\/figure>\n<\/div><\/div>\n\n\n<style>.kadence-column3123_cf325c-93 > .kt-inside-inner-col,.kadence-column3123_cf325c-93 > .kt-inside-inner-col:before{border-top-left-radius:0px;border-top-right-radius:0px;border-bottom-right-radius:0px;border-bottom-left-radius:0px;}.kadence-column3123_cf325c-93 > .kt-inside-inner-col:before{opacity:0.3;}.kadence-column3123_cf325c-93{position:relative;}<\/style>\n<div class=\"wp-block-kadence-column kadence-column3123_cf325c-93\"><div class=\"kt-inside-inner-col\"><style>.kb-image3123_c354f7-eb .kb-image-has-overlay:after{opacity:0.3;}<\/style>\n<figure class=\"wp-block-kadence-image kb-image3123_c354f7-eb size-full\"><img decoding=\"async\" width=\"500\" height=\"250\" src=\"https:\/\/congnghebangtai.com\/wp-content\/uploads\/2025\/02\/Thiet-ke-chua-co-ten-45.png\" alt=\"\" class=\"kb-img wp-image-3828\" srcset=\"https:\/\/congnghebangtai.com\/wp-content\/uploads\/2025\/02\/Thiet-ke-chua-co-ten-45.png 500w, https:\/\/congnghebangtai.com\/wp-content\/uploads\/2025\/02\/Thiet-ke-chua-co-ten-45-300x150.png 300w\" sizes=\"(max-width: 500px) 100vw, 500px\" \/><\/figure>\n\n\n<style>.kb-image3123_d1c9c8-42 .kb-image-has-overlay:after{opacity:0.3;}<\/style>\n<figure class=\"wp-block-kadence-image kb-image3123_d1c9c8-42 size-full\"><img loading=\"lazy\" decoding=\"async\" width=\"500\" height=\"250\" src=\"https:\/\/congnghebangtai.com\/wp-content\/uploads\/2025\/02\/Thiet-ke-chua-co-ten-47.png\" alt=\"\" class=\"kb-img wp-image-3847\" srcset=\"https:\/\/congnghebangtai.com\/wp-content\/uploads\/2025\/02\/Thiet-ke-chua-co-ten-47.png 500w, https:\/\/congnghebangtai.com\/wp-content\/uploads\/2025\/02\/Thiet-ke-chua-co-ten-47-300x150.png 300w\" sizes=\"(max-width: 500px) 100vw, 500px\" \/><\/figure>\n<\/div><\/div>\n\n<\/div><\/div>\n\n<style>.kb-row-layout-id3123_3d9afc-15 > .kt-row-column-wrap{align-content:start;}:where(.kb-row-layout-id3123_3d9afc-15 > .kt-row-column-wrap) > .wp-block-kadence-column{justify-content:start;}.kb-row-layout-id3123_3d9afc-15 > .kt-row-column-wrap{column-gap:var(--global-kb-gap-md, 2rem);row-gap:var(--global-kb-gap-md, 2rem);padding-top:var(--global-kb-spacing-sm, 1.5rem);padding-bottom:var(--global-kb-spacing-sm, 1.5rem);grid-template-columns:minmax(0, 1fr) minmax(0, 1fr) minmax(0, 2fr);}.kb-row-layout-id3123_3d9afc-15 > .kt-row-layout-overlay{opacity:0.30;}@media all and (max-width: 1024px){.kb-row-layout-id3123_3d9afc-15 > .kt-row-column-wrap{grid-template-columns:repeat(3, minmax(0, 1fr));}}@media all and (max-width: 767px){.kb-row-layout-id3123_3d9afc-15 > .kt-row-column-wrap{grid-template-columns:minmax(0, 1fr);}}<\/style><div class=\"kb-row-layout-wrap kb-row-layout-id3123_3d9afc-15 alignnone wp-block-kadence-rowlayout\"><div class=\"kt-row-column-wrap kt-has-3-columns kt-row-layout-right-half kt-tab-layout-inherit kt-mobile-layout-row kt-row-valign-top\">\n<style>.kadence-column3123_c7e2f0-14 > .kt-inside-inner-col,.kadence-column3123_c7e2f0-14 > .kt-inside-inner-col:before{border-top-left-radius:0px;border-top-right-radius:0px;border-bottom-right-radius:0px;border-bottom-left-radius:0px;}.kadence-column3123_c7e2f0-14 > .kt-inside-inner-col:before{opacity:0.3;}.kadence-column3123_c7e2f0-14{position:relative;}<\/style>\n<div class=\"wp-block-kadence-column kadence-column3123_c7e2f0-14\"><div class=\"kt-inside-inner-col\"><style>.kb-image3123_0d208d-07 .kb-image-has-overlay:after{opacity:0.3;}<\/style>\n<figure class=\"wp-block-kadence-image kb-image3123_0d208d-07 size-full\"><img loading=\"lazy\" decoding=\"async\" width=\"500\" height=\"250\" src=\"https:\/\/congnghebangtai.com\/wp-content\/uploads\/2025\/02\/5.png\" alt=\"\" class=\"kb-img wp-image-3851\" srcset=\"https:\/\/congnghebangtai.com\/wp-content\/uploads\/2025\/02\/5.png 500w, https:\/\/congnghebangtai.com\/wp-content\/uploads\/2025\/02\/5-300x150.png 300w\" sizes=\"(max-width: 500px) 100vw, 500px\" \/><\/figure>\n\n\n<style>.kb-image3123_fa0c72-75 .kb-image-has-overlay:after{opacity:0.3;}<\/style>\n<figure class=\"wp-block-kadence-image kb-image3123_fa0c72-75 size-full\"><img loading=\"lazy\" decoding=\"async\" width=\"500\" height=\"250\" src=\"https:\/\/congnghebangtai.com\/wp-content\/uploads\/2025\/02\/6-2.png\" alt=\"\" class=\"kb-img wp-image-3848\" srcset=\"https:\/\/congnghebangtai.com\/wp-content\/uploads\/2025\/02\/6-2.png 500w, https:\/\/congnghebangtai.com\/wp-content\/uploads\/2025\/02\/6-2-300x150.png 300w\" sizes=\"(max-width: 500px) 100vw, 500px\" \/><\/figure>\n<\/div><\/div>\n\n\n<style>.kadence-column3123_a9e116-49 > .kt-inside-inner-col,.kadence-column3123_a9e116-49 > .kt-inside-inner-col:before{border-top-left-radius:0px;border-top-right-radius:0px;border-bottom-right-radius:0px;border-bottom-left-radius:0px;}.kadence-column3123_a9e116-49 > .kt-inside-inner-col:before{opacity:0.3;}.kadence-column3123_a9e116-49{position:relative;}<\/style>\n<div class=\"wp-block-kadence-column kadence-column3123_a9e116-49\"><div class=\"kt-inside-inner-col\"><style>.kb-image3123_f42e6b-8c .kb-image-has-overlay:after{opacity:0.3;}<\/style>\n<figure class=\"wp-block-kadence-image kb-image3123_f42e6b-8c size-full\"><img loading=\"lazy\" decoding=\"async\" width=\"500\" height=\"250\" src=\"https:\/\/congnghebangtai.com\/wp-content\/uploads\/2025\/02\/4-3.png\" alt=\"\" class=\"kb-img wp-image-3850\" srcset=\"https:\/\/congnghebangtai.com\/wp-content\/uploads\/2025\/02\/4-3.png 500w, https:\/\/congnghebangtai.com\/wp-content\/uploads\/2025\/02\/4-3-300x150.png 300w\" sizes=\"(max-width: 500px) 100vw, 500px\" \/><\/figure>\n\n\n<style>.kb-image3123_e6592e-73 .kb-image-has-overlay:after{opacity:0.3;}<\/style>\n<figure class=\"wp-block-kadence-image kb-image3123_e6592e-73 size-full\"><img loading=\"lazy\" decoding=\"async\" width=\"500\" height=\"250\" src=\"https:\/\/congnghebangtai.com\/wp-content\/uploads\/2025\/02\/7.png\" alt=\"\" class=\"kb-img wp-image-3849\" srcset=\"https:\/\/congnghebangtai.com\/wp-content\/uploads\/2025\/02\/7.png 500w, https:\/\/congnghebangtai.com\/wp-content\/uploads\/2025\/02\/7-300x150.png 300w\" sizes=\"(max-width: 500px) 100vw, 500px\" \/><\/figure>\n<\/div><\/div>\n\n\n<style>.kadence-column3123_10de13-36 > .kt-inside-inner-col,.kadence-column3123_10de13-36 > .kt-inside-inner-col:before{border-top-left-radius:0px;border-top-right-radius:0px;border-bottom-right-radius:0px;border-bottom-left-radius:0px;}.kadence-column3123_10de13-36 > .kt-inside-inner-col:before{opacity:0.3;}.kadence-column3123_10de13-36{position:relative;}<\/style>\n<div class=\"wp-block-kadence-column kadence-column3123_10de13-36\"><div class=\"kt-inside-inner-col\">\n<p><br><br><br><br>Ch\u00fang t\u00f4i cung c\u1ea5p d\u1ecbch v\u1ee5 <strong>\u0111\u00e1nh gi\u00e1 v\u00e0 ki\u1ec3m tra t\u00ecnh tr\u1ea1ng b\u0103ng t\u1ea3i \u0111\u1ecbnh k\u1ef3<\/strong>, gi\u00fap doanh nghi\u1ec7p ch\u1ee7 \u0111\u1ed9ng ph\u00e1t hi\u1ec7n s\u1edbm c\u00e1c v\u1ea5n \u0111\u1ec1 nh\u01b0 <strong>m\u00f2n d\u00e2y b\u0103ng, l\u1ec7ch b\u0103ng, h\u01b0 h\u1ecfng con l\u0103n, r\u00e1ch b\u0103ng t\u1ea3i,\u2026<\/strong>. \u0110\u1ed9i ng\u0169 k\u1ef9 thu\u1eadt vi\u00ean gi\u00e0u kinh nghi\u1ec7m s\u1ebd ki\u1ec3m tra to\u00e0n di\u1ec7n h\u1ec7 th\u1ed1ng, \u0111\u01b0a ra b\u00e1o c\u00e1o chi ti\u1ebft v\u00e0 \u0111\u1ec1 xu\u1ea5t gi\u1ea3i ph\u00e1p b\u1ea3o tr\u00ec, s\u1eeda ch\u1eefa k\u1ecbp th\u1eddi, \u0111\u1ea3m b\u1ea3o b\u0103ng t\u1ea3i v\u1eadn h\u00e0nh <strong>\u1ed5n \u0111\u1ecbnh, an to\u00e0n v\u00e0 k\u00e9o d\u00e0i tu\u1ed5i th\u1ecd thi\u1ebft b\u1ecb<\/strong>.<\/p>\n\n\n\n<p>Ch\u00fang t\u00f4i cung c\u1ea5p d\u1ecbch v\u1ee5 <strong>ch\u0103m s\u00f3c h\u1ec7 th\u1ed1ng b\u0103ng t\u1ea3i<\/strong> bao g\u1ed3m <strong>b\u1ea3o tr\u00ec, s\u1eeda ch\u1eefa v\u00e0 n\u00e2ng c\u1ea5p<\/strong>, gi\u00fap doanh nghi\u1ec7p duy tr\u00ec ho\u1ea1t \u0111\u1ed9ng \u1ed5n \u0111\u1ecbnh v\u00e0 n\u00e2ng cao hi\u1ec7u su\u1ea5t v\u1eadn h\u00e0nh. \u0110\u1ed9i ng\u0169 k\u1ef9 thu\u1eadt vi\u00ean chuy\u00ean nghi\u1ec7p s\u1ebd ki\u1ec3m tra, b\u1ea3o d\u01b0\u1ee1ng \u0111\u1ecbnh k\u1ef3, kh\u1eafc ph\u1ee5c s\u1ef1 c\u1ed1 k\u1ecbp th\u1eddi v\u00e0 c\u1ea3i ti\u1ebfn h\u1ec7 th\u1ed1ng theo y\u00eau c\u1ea7u, \u0111\u1ea3m b\u1ea3o b\u0103ng t\u1ea3i lu\u00f4n ho\u1ea1t \u0111\u1ed9ng <strong>an to\u00e0n, hi\u1ec7u qu\u1ea3 v\u00e0 b\u1ec1n b\u1ec9<\/strong>, \u0111\u1eb7c bi\u1ec7t l\u00e0 d\u1ecbch v\u1ee5 n\u1ed1i v\u00e1 b\u0103ng t\u1ea3i t\u1ea1i tr\u1ef1c ti\u1ebfp c\u00f4ng tr\u01b0\u1eddng gi\u1ea3m thi\u1ec3u th\u1eddi gian d\u1eebng m\u00e1y v\u00e0 t\u1ed1i \u01b0u chi ph\u00ed v\u1eadn h\u00e0nh.<\/p>\n<\/div><\/div>\n\n<\/div><\/div><\/div><\/div>\n\n\n\n<p><\/p>\n\n\n\n<p><\/p>\n","protected":false},"excerpt":{"rendered":"<p>D\u1ecbch V\u1ee5 Ch\u00fang t\u00f4i chuy\u00ean cung c\u1ea5p d\u1ecbch v\u1ee5 thi\u1ebft k\u1ebf v\u00e0 l\u1eafp \u0111\u1eb7t h\u1ec7 th\u1ed1ng b\u0103ng t\u1ea3i theo y\u00eau c\u1ea7u, gi\u00fap doanh nghi\u1ec7p t\u1ed1i \u01b0u h\u00f3a quy tr\u00ecnh s\u1ea3n xu\u1ea5t. V\u1edbi \u0111\u1ed9i ng\u0169 k\u1ef9 s\u01b0 gi\u00e0u kinh nghi\u1ec7m v\u00e0 gi\u1ea3i ph\u00e1p c\u00f4ng ngh\u1ec7 ti\u00ean ti\u1ebfn, ch\u00fang t\u00f4i cam k\u1ebft mang \u0111\u1ebfn nh\u1eefng h\u1ec7 th\u1ed1ng&#8230;<\/p>\n","protected":false},"author":1,"featured_media":0,"parent":0,"menu_order":0,"comment_status":"closed","ping_status":"closed","template":"","meta":{"_kad_blocks_custom_css":"","_kad_blocks_head_custom_js":"","_kad_blocks_body_custom_js":"","_kad_blocks_footer_custom_js":"","_kad_post_transparent":"","_kad_post_title":"","_kad_post_layout":"","_kad_post_sidebar_id":"","_kad_post_content_style":"","_kad_post_vertical_padding":"","_kad_post_feature":"","_kad_post_feature_position":"","_kad_post_header":false,"_kad_post_footer":false,"footnotes":""},"class_list":["post-3123","page","type-page","status-publish","hentry"],"taxonomy_info":[],"featured_image_src_large":false,"author_info":{"display_name":"admin","author_link":"https:\/\/congnghebangtai.com\/?author=1"},"comment_info":0,"_links":{"self":[{"href":"https:\/\/congnghebangtai.com\/index.php?rest_route=\/wp\/v2\/pages\/3123","targetHints":{"allow":["GET"]}}],"collection":[{"href":"https:\/\/congnghebangtai.com\/index.php?rest_route=\/wp\/v2\/pages"}],"about":[{"href":"https:\/\/congnghebangtai.com\/index.php?rest_route=\/wp\/v2\/types\/page"}],"author":[{"embeddable":true,"href":"https:\/\/congnghebangtai.com\/index.php?rest_route=\/wp\/v2\/users\/1"}],"replies":[{"embeddable":true,"href":"https:\/\/congnghebangtai.com\/index.php?rest_route=%2Fwp%2Fv2%2Fcomments&post=3123"}],"version-history":[{"count":14,"href":"https:\/\/congnghebangtai.com\/index.php?rest_route=\/wp\/v2\/pages\/3123\/revisions"}],"predecessor-version":[{"id":3856,"href":"https:\/\/congnghebangtai.com\/index.php?rest_route=\/wp\/v2\/pages\/3123\/revisions\/3856"}],"wp:attachment":[{"href":"https:\/\/congnghebangtai.com\/index.php?rest_route=%2Fwp%2Fv2%2Fmedia&parent=3123"}],"curies":[{"name":"wp","href":"https:\/\/api.w.org\/{rel}","templated":true}]}}