{"id":3177,"date":"2025-02-04T06:37:19","date_gmt":"2025-02-04T06:37:19","guid":{"rendered":"https:\/\/congnghebangtai.com\/?page_id=3177"},"modified":"2025-02-28T03:07:22","modified_gmt":"2025-02-28T03:07:22","slug":"thiet-bi-giam-sat","status":"publish","type":"page","link":"https:\/\/congnghebangtai.com\/?page_id=3177","title":{"rendered":"Thi\u1ebft B\u1ecb Gi\u00e1m S\u00e1t"},"content":{"rendered":"<style>.kb-image3177_46acd0-1e .kb-image-has-overlay:after{opacity:0.3;}<\/style>\n<div class=\"wp-block-kadence-image kb-image3177_46acd0-1e\"><figure class=\"aligncenter size-large\"><img fetchpriority=\"high\" decoding=\"async\" width=\"1024\" height=\"1024\" src=\"https:\/\/congnghebangtai.com\/wp-content\/uploads\/2025\/02\/Anh-ADS-20-1024x1024.jpg\" alt=\"\" class=\"kb-img wp-image-3569\" srcset=\"https:\/\/congnghebangtai.com\/wp-content\/uploads\/2025\/02\/Anh-ADS-20-1024x1024.jpg 1024w, https:\/\/congnghebangtai.com\/wp-content\/uploads\/2025\/02\/Anh-ADS-20-300x300.jpg 300w, https:\/\/congnghebangtai.com\/wp-content\/uploads\/2025\/02\/Anh-ADS-20-150x150.jpg 150w, https:\/\/congnghebangtai.com\/wp-content\/uploads\/2025\/02\/Anh-ADS-20-768x768.jpg 768w, https:\/\/congnghebangtai.com\/wp-content\/uploads\/2025\/02\/Anh-ADS-20-800x800.jpg 800w, https:\/\/congnghebangtai.com\/wp-content\/uploads\/2025\/02\/Anh-ADS-20-700x700.jpg 700w, https:\/\/congnghebangtai.com\/wp-content\/uploads\/2025\/02\/Anh-ADS-20-100x100.jpg 100w, https:\/\/congnghebangtai.com\/wp-content\/uploads\/2025\/02\/Anh-ADS-20.jpg 1080w\" sizes=\"(max-width: 1024px) 100vw, 1024px\" \/><\/figure><\/div>\n\n\n\n<p>Roxon l\u00e0 c\u00f4ng ty Ph\u1ea7n Lan chuy\u00ean cung c\u1ea5p gi\u1ea3i ph\u00e1p x\u1eed l\u00fd v\u1eadt li\u1ec7u, \u0111\u1eb7c bi\u1ec7t l\u00e0 c\u00e1c h\u1ec7 th\u1ed1ng b\u0103ng t\u1ea3i cho ng\u00e0nh c\u00f4ng nghi\u1ec7p n\u1eb7ng. Roxon n\u1ed5i b\u1eadt v\u1edbi c\u00f4ng ngh\u1ec7 gi\u00e1m s\u00e1t b\u0103ng t\u1ea3i HX v\u00e0 ch\u1ed1ng m\u00e0i m\u00f2n ROXDUR, gi\u00fap t\u0103ng hi\u1ec7u su\u1ea5t v\u00e0 gi\u1ea3m th\u1eddi gian ng\u1eebng ho\u1ea1t \u0111\u1ed9ng trong c\u00e1c m\u00f4i tr\u01b0\u1eddng kh\u1eafc nghi\u1ec7t.<\/p>\n\n\n\n<ul class=\"wp-block-list\">\n<li>H\u1ec7 th\u1ed1ng gi\u00e1m s\u00e1t t\u00ecnh tr\u1ea1ng b\u0103ng t\u1ea3i tr\u00ean to\u00e0n c\u1ea7u ph\u00e1t hi\u1ec7n t\u1ea5t c\u1ea3 c\u00e1c h\u01b0 h\u1ecfng \u0111\u00e3 \u0111\u01b0\u1ee3c ra m\u1eaft v\u00e0o n\u0103m 2009.<\/li>\n\n\n\n<li>H\u01a1n 15 n\u0103m kinh nghi\u1ec7m c\u1ee7a c\u00f4ng ngh\u1ec7 qu\u00e9t 3D b\u1ec1 m\u1eb7t b\u0103ng t\u1ea3i l\u00e0 gi\u1ea3i ph\u00e1p gi\u00e1m s\u00e1t t\u00ecnh tr\u1ea1ng t\u1ed1i \u01b0u cho b\u0103ng t\u1ea3i quan tr\u1ecdng d\u00e0i.<\/li>\n\n\n\n<li>M\u00e1y qu\u00e9t 3D b\u1ec1 m\u1eb7t b\u0103ng t\u1ea3i HX170 nh\u1ecf g\u1ecdn, s\u00e1ng t\u1ea1o m\u1edbi \u0111\u01b0\u1ee3c ph\u00e1t h\u00e0nh \u0111\u1ec3 theo d\u00f5i t\u00ecnh tr\u1ea1ng c\u1ee7a b\u0103ng t\u1ea3i ng\u1eafn.<\/li>\n\n\n\n<li>M\u1ed9t n\u1ec1n t\u1ea3ng k\u1ef9 thu\u1eadt s\u1ed1 \u0111\u1ec3 tri\u1ec3n khai h\u1ec7 th\u1ed1ng gi\u00e1m s\u00e1t t\u00ecnh tr\u1ea1ng v\u00e0nh \u0111ai t\u1ea1i ch\u1ed7 v\u00e0 d\u1ef1a tr\u00ean IoT<\/li>\n<\/ul>\n\n\n\n<p><em><strong>\u0110\u1eb7c \u0111i\u1ec3m ch\u00ednh c\u1ee7a s\u1ea3n ph\u1ea9m:<\/strong><\/em><\/p>\n\n\n\n<ul class=\"wp-block-list\">\n<li>Gi\u00e1m s\u00e1t b\u0103ng t\u1ea3i 24\/7<\/li>\n\n\n\n<li>T\u1ef1 \u0111\u1ed9ng ph\u00e1t hi\u1ec7n h\u01b0 h\u1ecfng<\/li>\n\n\n\n<li>Tr\u1ef1c quan ho\u00e1 thi\u1ec7n h\u1ea1i 3D<\/li>\n\n\n\n<li>Gi\u00e1m s\u00e1t quang h\u1ecdc kh\u00f4ng ti\u1ebfp x\u00fac<\/li>\n\n\n\n<li>B\u00e1o \u0111\u1ed9ng b\u1eb1ng \u00e2m thanh v\u00e0 h\u00ecnh \u1ea3nh<\/li>\n\n\n\n<li>T\u1ef1 \u0111\u1ed9ng d\u1eebng b\u0103ng t\u1ea3i trong tr\u01b0\u1eddng h\u1ee3p kh\u1ea9n c\u1ea5p<\/li>\n\n\n\n<li>Giao di\u1ec7n \u0111\u01a1n gi\u1ea3n v\u00e0 tr\u1ef1c quan<\/li>\n\n\n\n<li>Ch\u1ecbu \u0111\u01b0\u1ee3c s\u1eed d\u1ee5ng \u1edf m\u00f4i tr\u01b0\u1eddng b\u00ean ngo\u00e0i<\/li>\n<\/ul>\n\n\n\n<p><em><strong>Nguy\u00ean l\u00fd ho\u1ea1t \u0111\u1ed9ng:<\/strong><\/em><\/p>\n\n\n\n<p>S\u1eed d\u1ee5ng c\u00f4ng ngh\u1ec7 laser v\u00e0 camera c\u00f3 \u0111\u1ed9 ph\u00e2n gi\u1ea3i cao, li\u00ean t\u1ee5c ki\u1ec3m tra b\u0103ng t\u1ea3i m\u1ed9t c\u00e1ch chi ti\u1ebft. N\u00f3 c\u00f3 th\u1ec3 x\u00e1c \u0111\u1ecbnh b\u1ea5t k\u00ec s\u1ef1 b\u1ea5t th\u01b0\u1eddng ho\u1eb7c d\u1ea5u hi\u1ec7u hao m\u00f2n n\u00e0o, t\u1eeb v\u1ebft c\u1eaft nh\u1ecf \u0111\u1ebfn v\u1ebft r\u00e1ch l\u1edbn h\u01a1n. Vi\u1ec7c ph\u00e1t hi\u1ec7n ch\u1ee7 \u0111\u1ed9ng n\u00e0y l\u00e0 ch\u00eca kho\u00e1 \u0111\u1ec3 tr\u00e1nh nh\u1eefng gi\u00e1n \u0111o\u1ea1n kh\u00f4ng mong mu\u1ed1n trong s\u1ea3n xu\u1ea5t v\u00e0 \u0111\u1ea3m b\u1ea3o ho\u1ea1t \u0111\u1ed9ng li\u00ean t\u1ee5c.<\/p>\n\n\n\n<p><em><strong>L\u1ee3i \u00edch:<\/strong><\/em><\/p>\n\n\n\n<ul class=\"wp-block-list\">\n<li>C\u1ea3i thi\u1ec7n an to\u00e0n<\/li>\n\n\n\n<li>Gi\u1ea3m thi\u1ec3u chi ph\u00ed<\/li>\n\n\n\n<li>T\u0103ng tu\u1ed5i th\u1ecd b\u0103ng t\u1ea3i&nbsp;<\/li>\n\n\n\n<li>Gi\u1ea3m th\u1eddi gian d\u1eebng m\u00e1y<\/li>\n<\/ul>\n\n\n\n<p><em><strong>T\u00ednh n\u0103ng n\u1ed5i b\u1eadt:<\/strong><\/em><\/p>\n\n\n\n<ul class=\"wp-block-list\">\n<li>Ph\u00e1t hi\u1ec7n m\u1ecdi lo\u1ea1i h\u01b0 h\u1ecfng c\u1ee7a b\u0103ng t\u1ea3i \u1ea3nh h\u01b0\u1edfng \u0111\u1ebfn kh\u1ea3 n\u0103ng ho\u1ea1t \u0111\u1ed9ng c\u1ee7a b\u0103ng t\u1ea3i, bao g\u1ed3m v\u1ebft r\u00e1ch, v\u1ebft \u0111\u1ee9t, h\u01b0 h\u1ecfng m\u1ed1i n\u1ed1i, l\u1ed7, v\u1ebft c\u1eaft, v\u1ebft l\u00f5m, h\u01b0 h\u1ecfng c\u1ea1nh, h\u01b0 h\u1ecfng \u0111\u00e1ng k\u1ec3 \u1edf l\u00f5i th\u00e9p, v.v.<\/li>\n\n\n\n<li>Ph\u00f9 h\u1ee3p v\u1edbi t\u1ea5t c\u1ea3 c\u00e1c lo\u1ea1i b\u0103ng b\u1ed1 v\u1ea3i v\u00e0 b\u0103ng l\u00f5i th\u00e9p<\/li>\n\n\n\n<li>Gi\u00e1m s\u00e1t b\u0103ng t\u1ea3i ho\u00e0n to\u00e0n t\u1ef1 \u0111\u1ed9ng, tr\u1ef1c tuy\u1ebfn, 24\/7<\/li>\n\n\n\n<li>Gi\u00e1m s\u00e1t \u0111\u1ed9 d\u00e0y b\u0103ng t\u1ea3i tr\u1ef1c tuy\u1ebfn t\u1ef1 \u0111\u1ed9ng ch\u00ednh x\u00e1c \u0111\u1ebfn t\u1eebng milimet<\/li>\n\n\n\n<li>Th\u1eddi gian ph\u1ea3n \u1ee9ng t\u1ed1i \u01b0u nh\u1ea5t . \u0110\u01b0\u1eddng d\u00e2y mang b\u0103ng t\u1ea3i sau \u0111i\u1ec3m t\u1ea3i v\u00e0 \u0111\u01b0\u1eddng d\u00e2y tr\u1ea3 b\u0103ng t\u1ea3i sau \u0111i\u1ec3m d\u1ee1 h\u00e0ng \u0111\u01b0\u1ee3c gi\u00e1m s\u00e1t<\/li>\n<\/ul>\n\n\n<style>.kadence-column3177_656e21-0f > .kt-inside-inner-col,.kadence-column3177_656e21-0f > .kt-inside-inner-col:before{border-top-left-radius:0px;border-top-right-radius:0px;border-bottom-right-radius:0px;border-bottom-left-radius:0px;}.kadence-column3177_656e21-0f > .kt-inside-inner-col:before{opacity:0.3;}.kadence-column3177_656e21-0f{position:relative;}<\/style>\n<div class=\"wp-block-kadence-column kadence-column3177_656e21-0f\"><div class=\"kt-inside-inner-col\">\n<div class=\"wp-block-columns is-layout-flex wp-container-core-columns-is-layout-9d6595d7 wp-block-columns-is-layout-flex\">\n<div class=\"wp-block-column is-layout-flow wp-block-column-is-layout-flow\" style=\"flex-basis:66.66%\">\n<p><strong><em>HX270:<\/em><\/strong><\/p>\n\n\n\n<ul class=\"wp-block-list\">\n<li>Chi\u1ec1u r\u1ed9ng b\u0103ng t\u1ea3i t\u1ed1i \u0111a l\u00e0 2400mm v\u00e0 t\u1ed1c \u0111\u1ed9 l\u00ean t\u1edbi 10 m\/s<\/li>\n\n\n\n<li>Gi\u00e1m s\u00e1t c\u1ea3 m\u1eb7t v\u1eadt li\u1ec7u v\u00e0 m\u1eb7t s\u1ea1ch c\u1ee7a b\u0103ng th\u00f4ng qua 2 m\u00f4-\u0111un ri\u00eang bi\u1ec7t&nbsp;<\/li>\n\n\n\n<li>C\u1ea3 2 m\u00f4-\u0111un c\u00f3 th\u1ec3 \u0111\u01b0\u1ee3c c\u00e0i \u0111\u1eb7t ri\u00eang bi\u1ec7t&nbsp;<\/li>\n\n\n\n<li>Th\u00edch h\u1ee3p cho c\u00e1c b\u0103ng t\u1ea3i d\u00e0i c\u00f3 vai tr\u00f2 quan tr\u1ecdng trng s\u1ea3n xu\u1ea5t&nbsp;<\/li>\n\n\n\n<li>C\u00f3 th\u1ec3 tu\u1ef3 ch\u1ecdn t\u00edch h\u1ee3p ch\u1ee9c n\u0103ng gi\u00e1m s\u00e1t \u0111\u1ed9 d\u00e0y b\u0103ng t\u1ea3i<\/li>\n<\/ul>\n<\/div>\n\n\n\n<div class=\"wp-block-column is-layout-flow wp-block-column-is-layout-flow\" style=\"flex-basis:33.33%\"><style>.kb-image3177_7b990b-ec.kb-image-is-ratio-size, .kb-image3177_7b990b-ec .kb-image-is-ratio-size{max-width:241px;width:100%;}.kb-image3177_7b990b-ec figure{max-width:241px;}.kb-image3177_7b990b-ec .image-is-svg, .kb-image3177_7b990b-ec .image-is-svg img{width:100%;}.kb-image3177_7b990b-ec .kb-image-has-overlay:after{opacity:0.3;}<\/style>\n<div class=\"wp-block-kadence-image kb-image3177_7b990b-ec\"><figure class=\"aligncenter size-full\"><img decoding=\"async\" width=\"582\" height=\"649\" src=\"https:\/\/congnghebangtai.com\/wp-content\/uploads\/2025\/02\/270-1.png\" alt=\"\" class=\"kb-img wp-image-3587\" srcset=\"https:\/\/congnghebangtai.com\/wp-content\/uploads\/2025\/02\/270-1.png 582w, https:\/\/congnghebangtai.com\/wp-content\/uploads\/2025\/02\/270-1-269x300.png 269w\" sizes=\"(max-width: 582px) 100vw, 582px\" \/><\/figure><\/div>\n<\/div>\n<\/div>\n<\/div><\/div>\n\n\n\n<p><strong><em>HX170:<\/em><\/strong><\/p>\n\n\n<div class=\"wp-block-image\">\n<figure class=\"aligncenter size-full is-resized\"><img decoding=\"async\" width=\"785\" height=\"530\" src=\"https:\/\/congnghebangtai.com\/wp-content\/uploads\/2025\/02\/Picture1r.png\" alt=\"\" class=\"wp-image-3881\" style=\"width:768px;height:auto\" srcset=\"https:\/\/congnghebangtai.com\/wp-content\/uploads\/2025\/02\/Picture1r.png 785w, https:\/\/congnghebangtai.com\/wp-content\/uploads\/2025\/02\/Picture1r-300x203.png 300w, https:\/\/congnghebangtai.com\/wp-content\/uploads\/2025\/02\/Picture1r-768x519.png 768w, https:\/\/congnghebangtai.com\/wp-content\/uploads\/2025\/02\/Picture1r-700x473.png 700w\" sizes=\"(max-width: 785px) 100vw, 785px\" \/><\/figure>\n<\/div>\n\n\n<p><\/p>\n","protected":false},"excerpt":{"rendered":"<p>Roxon l\u00e0 c\u00f4ng ty Ph\u1ea7n Lan chuy\u00ean cung c\u1ea5p gi\u1ea3i ph\u00e1p x\u1eed l\u00fd v\u1eadt li\u1ec7u, \u0111\u1eb7c bi\u1ec7t l\u00e0 c\u00e1c h\u1ec7 th\u1ed1ng b\u0103ng t\u1ea3i cho ng\u00e0nh c\u00f4ng nghi\u1ec7p n\u1eb7ng. Roxon n\u1ed5i b\u1eadt v\u1edbi c\u00f4ng ngh\u1ec7 gi\u00e1m s\u00e1t b\u0103ng t\u1ea3i HX v\u00e0 ch\u1ed1ng m\u00e0i m\u00f2n ROXDUR, gi\u00fap t\u0103ng hi\u1ec7u su\u1ea5t v\u00e0 gi\u1ea3m th\u1eddi gian ng\u1eebng ho\u1ea1t \u0111\u1ed9ng&#8230;<\/p>\n","protected":false},"author":1,"featured_media":0,"parent":0,"menu_order":0,"comment_status":"closed","ping_status":"closed","template":"","meta":{"_kad_blocks_custom_css":"","_kad_blocks_head_custom_js":"","_kad_blocks_body_custom_js":"","_kad_blocks_footer_custom_js":"","_kad_post_transparent":"","_kad_post_title":"","_kad_post_layout":"","_kad_post_sidebar_id":"","_kad_post_content_style":"","_kad_post_vertical_padding":"","_kad_post_feature":"","_kad_post_feature_position":"","_kad_post_header":false,"_kad_post_footer":false,"footnotes":""},"class_list":["post-3177","page","type-page","status-publish","hentry"],"taxonomy_info":[],"featured_image_src_large":false,"author_info":{"display_name":"admin","author_link":"https:\/\/congnghebangtai.com\/?author=1"},"comment_info":0,"_links":{"self":[{"href":"https:\/\/congnghebangtai.com\/index.php?rest_route=\/wp\/v2\/pages\/3177","targetHints":{"allow":["GET"]}}],"collection":[{"href":"https:\/\/congnghebangtai.com\/index.php?rest_route=\/wp\/v2\/pages"}],"about":[{"href":"https:\/\/congnghebangtai.com\/index.php?rest_route=\/wp\/v2\/types\/page"}],"author":[{"embeddable":true,"href":"https:\/\/congnghebangtai.com\/index.php?rest_route=\/wp\/v2\/users\/1"}],"replies":[{"embeddable":true,"href":"https:\/\/congnghebangtai.com\/index.php?rest_route=%2Fwp%2Fv2%2Fcomments&post=3177"}],"version-history":[{"count":4,"href":"https:\/\/congnghebangtai.com\/index.php?rest_route=\/wp\/v2\/pages\/3177\/revisions"}],"predecessor-version":[{"id":3882,"href":"https:\/\/congnghebangtai.com\/index.php?rest_route=\/wp\/v2\/pages\/3177\/revisions\/3882"}],"wp:attachment":[{"href":"https:\/\/congnghebangtai.com\/index.php?rest_route=%2Fwp%2Fv2%2Fmedia&parent=3177"}],"curies":[{"name":"wp","href":"https:\/\/api.w.org\/{rel}","templated":true}]}}