{"id":3214,"date":"2025-02-04T07:16:46","date_gmt":"2025-02-04T07:16:46","guid":{"rendered":"https:\/\/congnghebangtai.com\/?page_id=3214"},"modified":"2025-03-04T08:18:32","modified_gmt":"2025-03-04T08:18:32","slug":"tu-van-giai-phap","status":"publish","type":"page","link":"https:\/\/congnghebangtai.com\/?page_id=3214","title":{"rendered":"T\u01b0 V\u1ea5n Gi\u1ea3i Ph\u00e1p"},"content":{"rendered":"\n<p>Ch\u00fang t\u00f4i cung c\u1ea5p d\u1ecbch v\u1ee5 t\u01b0 v\u1ea5n gi\u1ea3i ph\u00e1p to\u00e0n di\u1ec7n cho h\u1ec7 th\u1ed1ng b\u0103ng t\u1ea3i c\u00f4ng nghi\u1ec7p, gi\u00fap doanh nghi\u1ec7p t\u1ed1i \u01b0u h\u00f3a v\u1eadn h\u00e0nh v\u00e0 n\u00e2ng cao hi\u1ec7u su\u1ea5t s\u1ea3n xu\u1ea5t. V\u1edbi s\u1ef1 h\u1ed7 tr\u1ee3 c\u1ee7a \u0111\u1ed9i ng\u0169 k\u1ef9 s\u01b0 gi\u00e0u kinh nghi\u1ec7m v\u00e0 chuy\u00ean gia t\u1eeb c\u00e1c h\u00e3ng b\u0103ng t\u1ea3i h\u00e0ng \u0111\u1ea7u th\u1ebf gi\u1edbi, ch\u00fang t\u00f4i cam k\u1ebft mang \u0111\u1ebfn nh\u1eefng gi\u1ea3i ph\u00e1p t\u1ed1i \u01b0u, ph\u00f9 h\u1ee3p v\u1edbi t\u1eebng y\u00eau c\u1ea7u th\u1ef1c t\u1ebf c\u1ee7a kh\u00e1ch h\u00e0ng.<\/p>\n\n\n\n<figure class=\"wp-block-gallery has-nested-images columns-default is-cropped wp-block-gallery-1 is-layout-flex wp-block-gallery-is-layout-flex\">\n<figure class=\"wp-block-image size-large\"><img fetchpriority=\"high\" decoding=\"async\" width=\"1024\" height=\"768\" data-id=\"2781\" src=\"https:\/\/congnghebangtai.com\/wp-content\/uploads\/2025\/01\/z5098537142569_544dce6933096ad55676ddf0747dcd4f-1024x768.jpg\" alt=\"\" class=\"wp-image-2781\" srcset=\"https:\/\/congnghebangtai.com\/wp-content\/uploads\/2025\/01\/z5098537142569_544dce6933096ad55676ddf0747dcd4f-1024x768.jpg 1024w, https:\/\/congnghebangtai.com\/wp-content\/uploads\/2025\/01\/z5098537142569_544dce6933096ad55676ddf0747dcd4f-300x225.jpg 300w, https:\/\/congnghebangtai.com\/wp-content\/uploads\/2025\/01\/z5098537142569_544dce6933096ad55676ddf0747dcd4f-768x576.jpg 768w, https:\/\/congnghebangtai.com\/wp-content\/uploads\/2025\/01\/z5098537142569_544dce6933096ad55676ddf0747dcd4f-1536x1152.jpg 1536w, https:\/\/congnghebangtai.com\/wp-content\/uploads\/2025\/01\/z5098537142569_544dce6933096ad55676ddf0747dcd4f-700x525.jpg 700w, https:\/\/congnghebangtai.com\/wp-content\/uploads\/2025\/01\/z5098537142569_544dce6933096ad55676ddf0747dcd4f.jpg 2048w\" sizes=\"(max-width: 1024px) 100vw, 1024px\" \/><\/figure>\n<\/figure>\n\n\n\n<h3 class=\"wp-block-heading\"><strong>D\u1ecbch V\u1ee5 T\u01b0 V\u1ea5n Bao G\u1ed3m:<\/strong><\/h3>\n\n\n\n<p>\u2714 <strong>Kh\u1ea3o s\u00e1t &amp; \u0110\u00e1nh gi\u00e1 h\u1ec7 th\u1ed1ng b\u0103ng t\u1ea3i:<\/strong> Ph\u00e2n t\u00edch t\u00ecnh tr\u1ea1ng v\u1eadn h\u00e0nh, x\u00e1c \u0111\u1ecbnh c\u00e1c v\u1ea5n \u0111\u1ec1 v\u00e0 \u0111\u1ec1 xu\u1ea5t gi\u1ea3i ph\u00e1p c\u1ea3i thi\u1ec7n.<br>\u2714 <strong>Thi\u1ebft k\u1ebf &amp; \u0110\u1ec1 xu\u1ea5t gi\u1ea3i ph\u00e1p k\u1ef9 thu\u1eadt:<\/strong> Cung c\u1ea5p ph\u01b0\u01a1ng \u00e1n t\u1ed1i \u01b0u cho t\u1eebng lo\u1ea1i b\u0103ng t\u1ea3i, t\u1eeb l\u1ef1a ch\u1ecdn v\u1eadt li\u1ec7u \u0111\u1ebfn ph\u01b0\u01a1ng ph\u00e1p n\u1ed1i v\u00e0 b\u1ea3o tr\u00ec.<br>\u2714 <strong>T\u01b0 v\u1ea5n n\u00e2ng c\u1ea5p &amp; c\u1ea3i ti\u1ebfn h\u1ec7 th\u1ed1ng:<\/strong> \u0110\u1ec1 xu\u1ea5t c\u00e1c c\u00f4ng ngh\u1ec7 m\u1edbi gi\u00fap n\u00e2ng cao tu\u1ed5i th\u1ecd b\u0103ng t\u1ea3i, gi\u1ea3m th\u1eddi gian d\u1eebng m\u00e1y v\u00e0 t\u1ed1i \u01b0u chi ph\u00ed v\u1eadn h\u00e0nh.<br>\u2714 <strong>H\u1ed7 tr\u1ee3 k\u1ef9 thu\u1eadt chuy\u00ean s\u00e2u:<\/strong> \u0110\u1ed9i ng\u0169 chuy\u00ean gia lu\u00f4n s\u1eb5n s\u00e0ng \u0111\u1ed3ng h\u00e0nh, gi\u1ea3i \u0111\u00e1p m\u1ecdi th\u1eafc m\u1eafc v\u00e0 h\u01b0\u1edbng d\u1eabn k\u1ef9 thu\u1eadt t\u1ea1i ch\u1ed7 ho\u1eb7c t\u1eeb xa.<br>\u2714 <strong>C\u00e1c gi\u1ea3i ph\u00e1p t\u0103ng tu\u1ed5i th\u1ecd c\u1ee7a b\u0103ng t\u1ea3i v\u00e0 b\u1ea3o v\u1ec7 b\u0103ng t\u1ea3i:<\/strong> V\u1edbi c\u00e1c thi\u1ebft b\u1ecb ch\u1ea5t l\u01b0\u1ee3ng \u0111\u1ea1t chu\u1ea9n qu\u1ed1c t\u1ebf.<\/p>\n\n\n\n<p>V\u1edbi ph\u01b0\u01a1ng ch\u00e2m <strong>&#8220;Gi\u1ea3i ph\u00e1p \u0111\u00fang \u2013 Hi\u1ec7u qu\u1ea3 cao \u2013 Ti\u1ebft ki\u1ec7m t\u1ed1i \u0111a&#8221;<\/strong>, ch\u00fang t\u00f4i t\u1ef1 tin mang \u0111\u1ebfn cho kh\u00e1ch h\u00e0ng nh\u1eefng gi\u1ea3i ph\u00e1p b\u0103ng t\u1ea3i c\u00f4ng nghi\u1ec7p ti\u00ean ti\u1ebfn v\u00e0 b\u1ec1n v\u1eefng nh\u1ea5t. Li\u00ean h\u1ec7 ngay \u0111\u1ec3 \u0111\u01b0\u1ee3c t\u01b0 v\u1ea5n chi ti\u1ebft!<\/p>\n\n\n\n<p><\/p>\n","protected":false},"excerpt":{"rendered":"<p>Ch\u00fang t\u00f4i cung c\u1ea5p d\u1ecbch v\u1ee5 t\u01b0 v\u1ea5n gi\u1ea3i ph\u00e1p to\u00e0n di\u1ec7n cho h\u1ec7 th\u1ed1ng b\u0103ng t\u1ea3i c\u00f4ng nghi\u1ec7p, gi\u00fap doanh nghi\u1ec7p t\u1ed1i \u01b0u h\u00f3a v\u1eadn h\u00e0nh v\u00e0 n\u00e2ng cao hi\u1ec7u su\u1ea5t s\u1ea3n xu\u1ea5t. V\u1edbi s\u1ef1 h\u1ed7 tr\u1ee3 c\u1ee7a \u0111\u1ed9i ng\u0169 k\u1ef9 s\u01b0 gi\u00e0u kinh nghi\u1ec7m v\u00e0 chuy\u00ean gia t\u1eeb c\u00e1c h\u00e3ng b\u0103ng t\u1ea3i h\u00e0ng&#8230;<\/p>\n","protected":false},"author":1,"featured_media":0,"parent":0,"menu_order":0,"comment_status":"closed","ping_status":"closed","template":"","meta":{"_kad_blocks_custom_css":"","_kad_blocks_head_custom_js":"","_kad_blocks_body_custom_js":"","_kad_blocks_footer_custom_js":"","_kad_post_transparent":"","_kad_post_title":"","_kad_post_layout":"","_kad_post_sidebar_id":"","_kad_post_content_style":"","_kad_post_vertical_padding":"","_kad_post_feature":"","_kad_post_feature_position":"","_kad_post_header":false,"_kad_post_footer":false,"footnotes":""},"class_list":["post-3214","page","type-page","status-publish","hentry"],"taxonomy_info":[],"featured_image_src_large":false,"author_info":{"display_name":"admin","author_link":"https:\/\/congnghebangtai.com\/?author=1"},"comment_info":0,"_links":{"self":[{"href":"https:\/\/congnghebangtai.com\/index.php?rest_route=\/wp\/v2\/pages\/3214","targetHints":{"allow":["GET"]}}],"collection":[{"href":"https:\/\/congnghebangtai.com\/index.php?rest_route=\/wp\/v2\/pages"}],"about":[{"href":"https:\/\/congnghebangtai.com\/index.php?rest_route=\/wp\/v2\/types\/page"}],"author":[{"embeddable":true,"href":"https:\/\/congnghebangtai.com\/index.php?rest_route=\/wp\/v2\/users\/1"}],"replies":[{"embeddable":true,"href":"https:\/\/congnghebangtai.com\/index.php?rest_route=%2Fwp%2Fv2%2Fcomments&post=3214"}],"version-history":[{"count":4,"href":"https:\/\/congnghebangtai.com\/index.php?rest_route=\/wp\/v2\/pages\/3214\/revisions"}],"predecessor-version":[{"id":3915,"href":"https:\/\/congnghebangtai.com\/index.php?rest_route=\/wp\/v2\/pages\/3214\/revisions\/3915"}],"wp:attachment":[{"href":"https:\/\/congnghebangtai.com\/index.php?rest_route=%2Fwp%2Fv2%2Fmedia&parent=3214"}],"curies":[{"name":"wp","href":"https:\/\/api.w.org\/{rel}","templated":true}]}}