{"id":3709,"date":"2025-02-13T04:30:59","date_gmt":"2025-02-13T04:30:59","guid":{"rendered":"https:\/\/congnghebangtai.com\/?page_id=3709"},"modified":"2025-02-13T04:30:59","modified_gmt":"2025-02-13T04:30:59","slug":"con-lan-chong-lech-nhanh-co-tai-dang-hinh-con-hang-nang-2","status":"publish","type":"page","link":"https:\/\/congnghebangtai.com\/?page_id=3709","title":{"rendered":"Con L\u0103n Ch\u1ed1ng L\u1ec7ch Nh\u00e1nh C\u00f3 T\u1ea3i D\u1ea1ng H\u00ecnh C\u00f4n H\u1ea1ng N\u1eb7ng"},"content":{"rendered":"<style>.kb-row-layout-id3709_e0700f-20 > .kt-row-column-wrap{align-content:start;}:where(.kb-row-layout-id3709_e0700f-20 > .kt-row-column-wrap) > .wp-block-kadence-column{justify-content:start;}.kb-row-layout-id3709_e0700f-20 > .kt-row-column-wrap{column-gap:var(--global-kb-gap-md, 2rem);row-gap:var(--global-kb-gap-md, 2rem);grid-template-columns:minmax(0, 55%) minmax(0, 45%);}.kb-row-layout-id3709_e0700f-20 > .kt-row-layout-overlay{opacity:0.30;}@media all and (max-width: 1024px){.kb-row-layout-id3709_e0700f-20 > .kt-row-column-wrap{grid-template-columns:repeat(2, minmax(0, 1fr));}}@media all and (max-width: 767px){.kb-row-layout-id3709_e0700f-20 > .kt-row-column-wrap{grid-template-columns:minmax(0, 1fr);}}<\/style><div class=\"kb-row-layout-wrap kb-row-layout-id3709_e0700f-20 alignnone wp-block-kadence-rowlayout\"><div class=\"kt-row-column-wrap kt-has-2-columns kt-row-layout-left-golden kt-tab-layout-inherit kt-mobile-layout-row kt-row-valign-top\">\n<style>.kadence-column3709_35ec14-d4 > .kt-inside-inner-col,.kadence-column3709_35ec14-d4 > .kt-inside-inner-col:before{border-top-left-radius:0px;border-top-right-radius:0px;border-bottom-right-radius:0px;border-bottom-left-radius:0px;}.kadence-column3709_35ec14-d4 > .kt-inside-inner-col:before{opacity:0.3;}.kadence-column3709_35ec14-d4{position:relative;}<\/style>\n<div class=\"wp-block-kadence-column kadence-column3709_35ec14-d4\"><div class=\"kt-inside-inner-col\">\n<h2 class=\"wp-block-heading\"><strong>V\u1ec0 S\u1ea2N PH\u1ea8M<\/strong><\/h2>\n\n\n\n<h2 class=\"wp-block-heading\">Con L\u0103n Ch\u1ed1ng L\u1ec7ch Nh\u00e1nh C\u00f3 T\u1ea3i <br>D\u1ea1ng H\u00ecnh C\u00f4n H\u1ea1ng N\u1eb7ng<\/h2>\n\n\n<style>.wp-block-kadence-spacer.kt-block-spacer-3709_852d0e-43 .kt-block-spacer{height:34px;}.wp-block-kadence-spacer.kt-block-spacer-3709_852d0e-43 .kt-divider{border-top-width:12px;border-top-color:#ff0e0e;width:25%;border-top-style:solid;}<\/style>\n<div class=\"wp-block-kadence-spacer aligncenter kt-block-spacer-3709_852d0e-43\"><div class=\"kt-block-spacer kt-block-spacer-halign-left\"><hr class=\"kt-divider\"\/><\/div><\/div>\n\n\n\n<p style=\"letter-spacing:1px\"><strong>B\u1ed9 con l\u0103n ch\u1ed1ng l\u1ec7ch b\u0103ng t\u1ea3i Tru-Trac\u00ae Heavy Duty Trough Tracker <\/strong>\u0111\u01b0\u1ee3c c\u1ea5p b\u1eb1ng s\u00e1ng ch\u1ebf, thi\u1ebft k\u1ebf chuy\u00ean bi\u1ec7t cho b\u0103ng t\u1ea3i r\u1ed9ng, t\u1ea3i tr\u1ecdng n\u1eb7ng v\u00e0 t\u1ed1c \u0111\u1ed9 cao tr\u00ean 4m\/s. H\u1ec7 th\u1ed1ng con l\u0103n c\u00e1nh \u0111\u01b0\u1ee3c \u0111\u1eb7t l\u1ec7ch g\u00f3c 70\u00b0 gi\u00fap k\u00edch ho\u1ea1t c\u01a1 ch\u1ebf xoay trung t\u00e2m, \u0111\u1ea3m b\u1ea3o b\u0103ng t\u1ea3i lu\u00f4n ch\u1ea1y \u0111\u00fang h\u01b0\u1edbng m\u00e0 kh\u00f4ng g\u00e2y ti\u1ebfp x\u00fac vu\u00f4ng g\u00f3c v\u1edbi m\u00e9p b\u0103ng.<\/p>\n<\/div><\/div>\n\n\n<style>.kadence-column3709_caab9b-8f > .kt-inside-inner-col,.kadence-column3709_caab9b-8f > .kt-inside-inner-col:before{border-top-left-radius:0px;border-top-right-radius:0px;border-bottom-right-radius:0px;border-bottom-left-radius:0px;}.kadence-column3709_caab9b-8f > .kt-inside-inner-col:before{opacity:0.3;}.kadence-column3709_caab9b-8f{position:relative;}<\/style>\n<div class=\"wp-block-kadence-column kadence-column3709_caab9b-8f\"><div class=\"kt-inside-inner-col\">\n<p><br><\/p>\n\n\n<style>.kb-image3709_46797d-7e.kb-image-is-ratio-size, .kb-image3709_46797d-7e .kb-image-is-ratio-size{max-width:503px;width:100%;}.kb-image3709_46797d-7e figure{max-width:503px;}.kb-image3709_46797d-7e .image-is-svg, .kb-image3709_46797d-7e .image-is-svg img{width:100%;}.kb-image3709_46797d-7e .kb-image-has-overlay:after{opacity:0.3;}<\/style>\n<div class=\"wp-block-kadence-image kb-image3709_46797d-7e\"><figure class=\"aligncenter size-full\"><img fetchpriority=\"high\" decoding=\"async\" width=\"500\" height=\"380\" src=\"https:\/\/congnghebangtai.com\/wp-content\/uploads\/2025\/01\/03-min-1-2.png\" alt=\"\" class=\"kb-img wp-image-3060\" srcset=\"https:\/\/congnghebangtai.com\/wp-content\/uploads\/2025\/01\/03-min-1-2.png 500w, https:\/\/congnghebangtai.com\/wp-content\/uploads\/2025\/01\/03-min-1-2-300x228.png 300w\" sizes=\"(max-width: 500px) 100vw, 500px\" \/><\/figure><\/div>\n<\/div><\/div>\n\n<\/div><\/div>\n\n\n<h3 class=\"wp-block-heading\"><strong>\u0110\u1eb7c \u0110i\u1ec3m N\u1ed5i B\u1eadt<\/strong><\/h3>\n\n\n<style>.wp-block-kadence-spacer.kt-block-spacer-3709_17ad06-d0 .kt-block-spacer{height:34px;}.wp-block-kadence-spacer.kt-block-spacer-3709_17ad06-d0 .kt-divider{border-top-width:12px;border-top-color:#ff0e0e;width:12%;border-top-style:solid;}<\/style>\n<div class=\"wp-block-kadence-spacer aligncenter kt-block-spacer-3709_17ad06-d0\"><div class=\"kt-block-spacer kt-block-spacer-halign-left\"><hr class=\"kt-divider\"\/><\/div><\/div>\n\n\n\n<ul class=\"wp-block-list\">\n<li style=\"letter-spacing:1px\"><strong>Ch\u1ecbu t\u1ea3i n\u1eb7ng<\/strong> \u2013 Tr\u1ee5c gia c\u01b0\u1eddng v\u00e0 \u0111\u1ebf \u1ed1ng \u0111\u00f4i gi\u00fap ch\u1ed1ng cong v\u00eanh, v\u1ecf v\u00f2ng bi th\u00e9p \u0111\u01b0\u1ee3c h\u00e0n tr\u1ef1c ti\u1ebfp v\u00e0o th\u00e2n tr\u1ed1ng.<\/li>\n\n\n\n<li style=\"letter-spacing:1px\"><strong>H\u1ec7 th\u1ed1ng l\u00e0m k\u00edn ch\u1eafc ch\u1eafn<\/strong> \u2013 N\u1eafp ch\u1eb7n th\u00e9p \u0111\u01b0\u1ee3c \u00e9p v\u00e0o v\u1ecf v\u00f2ng bi, k\u1ebft h\u1ee3p ch\u1ee9c n\u0103ng ph\u1edbt ch\u1eafn b\u1ee5i \u0111\u1ec3 ng\u0103n ch\u1eb7n v\u1eadt li\u1ec7u x\u00e2m nh\u1eadp.<\/li>\n\n\n\n<li style=\"letter-spacing:1px\"><strong>Ph\u00f9 h\u1ee3p v\u1edbi b\u0103ng t\u1ea3i t\u1ed1c \u0111\u1ed9 cao<\/strong> \u2013 Ho\u1ea1t \u0111\u1ed9ng \u1ed5n \u0111\u1ecbnh tr\u00ean b\u0103ng t\u1ea3i c\u00f3 t\u1ed1c \u0111\u1ed9 tr\u00ean 4m\/s.<\/li>\n\n\n\n<li style=\"letter-spacing:1px\"><strong>L\u1edbp b\u1ecdc b\u1ea3o v\u1ec7<\/strong> \u2013 T\u00f9y ch\u1ecdn cao su ch\u1ed1ng m\u00e0i m\u00f2n cao, polyurethane ho\u1eb7c v\u1eadt li\u1ec7u ch\u1ed1ng ch\u00e1y (FRAS).<\/li>\n\n\n\n<li style=\"letter-spacing:1px\"><strong>V\u00f2ng bi<\/strong> \u2013 C\u00f3 s\u1eb5n c\u1ea5u h\u00ecnh v\u00f2ng bi ti\u00eau chu\u1ea9n ho\u1eb7c v\u00f2ng bi l\u1ef1c \u0111\u1ea9y v\u00e0 l\u0103n.<\/li>\n\n\n\n<li style=\"letter-spacing:1px\"><strong>K\u00edch th\u01b0\u1edbc \u0111a d\u1ea1ng<\/strong> \u2013 Ph\u00f9 h\u1ee3p v\u1edbi b\u0103ng t\u1ea3i r\u1ed9ng t\u1eeb 1200mm \u0111\u1ebfn 2100mm.<br><br><\/li>\n<\/ul>\n\n\n\n<p><\/p>\n\n\n\n<p><\/p>\n","protected":false},"excerpt":{"rendered":"<p>V\u1ec0 S\u1ea2N PH\u1ea8M Con L\u0103n Ch\u1ed1ng L\u1ec7ch Nh\u00e1nh C\u00f3 T\u1ea3i D\u1ea1ng H\u00ecnh C\u00f4n H\u1ea1ng N\u1eb7ng B\u1ed9 con l\u0103n ch\u1ed1ng l\u1ec7ch b\u0103ng t\u1ea3i Tru-Trac\u00ae Heavy Duty Trough Tracker \u0111\u01b0\u1ee3c c\u1ea5p b\u1eb1ng s\u00e1ng ch\u1ebf, thi\u1ebft k\u1ebf chuy\u00ean bi\u1ec7t cho b\u0103ng t\u1ea3i r\u1ed9ng, t\u1ea3i tr\u1ecdng n\u1eb7ng v\u00e0 t\u1ed1c \u0111\u1ed9 cao tr\u00ean 4m\/s. H\u1ec7 th\u1ed1ng con l\u0103n c\u00e1nh \u0111\u01b0\u1ee3c&#8230;<\/p>\n","protected":false},"author":1,"featured_media":0,"parent":0,"menu_order":0,"comment_status":"closed","ping_status":"closed","template":"","meta":{"_kad_blocks_custom_css":"","_kad_blocks_head_custom_js":"","_kad_blocks_body_custom_js":"","_kad_blocks_footer_custom_js":"","_kad_post_transparent":"","_kad_post_title":"","_kad_post_layout":"","_kad_post_sidebar_id":"","_kad_post_content_style":"","_kad_post_vertical_padding":"","_kad_post_feature":"","_kad_post_feature_position":"","_kad_post_header":false,"_kad_post_footer":false,"footnotes":""},"class_list":["post-3709","page","type-page","status-publish","hentry"],"taxonomy_info":[],"featured_image_src_large":false,"author_info":{"display_name":"admin","author_link":"https:\/\/congnghebangtai.com\/?author=1"},"comment_info":0,"_links":{"self":[{"href":"https:\/\/congnghebangtai.com\/index.php?rest_route=\/wp\/v2\/pages\/3709","targetHints":{"allow":["GET"]}}],"collection":[{"href":"https:\/\/congnghebangtai.com\/index.php?rest_route=\/wp\/v2\/pages"}],"about":[{"href":"https:\/\/congnghebangtai.com\/index.php?rest_route=\/wp\/v2\/types\/page"}],"author":[{"embeddable":true,"href":"https:\/\/congnghebangtai.com\/index.php?rest_route=\/wp\/v2\/users\/1"}],"replies":[{"embeddable":true,"href":"https:\/\/congnghebangtai.com\/index.php?rest_route=%2Fwp%2Fv2%2Fcomments&post=3709"}],"version-history":[{"count":1,"href":"https:\/\/congnghebangtai.com\/index.php?rest_route=\/wp\/v2\/pages\/3709\/revisions"}],"predecessor-version":[{"id":3711,"href":"https:\/\/congnghebangtai.com\/index.php?rest_route=\/wp\/v2\/pages\/3709\/revisions\/3711"}],"wp:attachment":[{"href":"https:\/\/congnghebangtai.com\/index.php?rest_route=%2Fwp%2Fv2%2Fmedia&parent=3709"}],"curies":[{"name":"wp","href":"https:\/\/api.w.org\/{rel}","templated":true}]}}