{"id":3740,"date":"2025-02-14T02:58:13","date_gmt":"2025-02-14T02:58:13","guid":{"rendered":"https:\/\/congnghebangtai.com\/?page_id=3740"},"modified":"2025-02-14T02:58:13","modified_gmt":"2025-02-14T02:58:13","slug":"con-lan-chong-lech-nhanh-hoi-dang-kep-cuc-nang","status":"publish","type":"page","link":"https:\/\/congnghebangtai.com\/?page_id=3740","title":{"rendered":"Con L\u0103n Ch\u1ed1ng L\u1ec7ch Nh\u00e1nh H\u1ed3i D\u1ea1ng K\u00e9p C\u1ef1c N\u1eb7ng"},"content":{"rendered":"<style>.kb-row-layout-id3740_6906b0-92 > .kt-row-column-wrap{align-content:start;}:where(.kb-row-layout-id3740_6906b0-92 > .kt-row-column-wrap) > .wp-block-kadence-column{justify-content:start;}.kb-row-layout-id3740_6906b0-92 > .kt-row-column-wrap{column-gap:var(--global-kb-gap-md, 2rem);row-gap:var(--global-kb-gap-md, 2rem);grid-template-columns:minmax(0, 55%) minmax(0, 45%);}.kb-row-layout-id3740_6906b0-92 > .kt-row-layout-overlay{opacity:0.30;}@media all and (max-width: 1024px){.kb-row-layout-id3740_6906b0-92 > .kt-row-column-wrap{grid-template-columns:repeat(2, minmax(0, 1fr));}}@media all and (max-width: 767px){.kb-row-layout-id3740_6906b0-92 > .kt-row-column-wrap{grid-template-columns:minmax(0, 1fr);}}<\/style><div class=\"kb-row-layout-wrap kb-row-layout-id3740_6906b0-92 alignnone wp-block-kadence-rowlayout\"><div class=\"kt-row-column-wrap kt-has-2-columns kt-row-layout-left-golden kt-tab-layout-inherit kt-mobile-layout-row kt-row-valign-top\">\n<style>.kadence-column3740_068cd4-4b > .kt-inside-inner-col,.kadence-column3740_068cd4-4b > .kt-inside-inner-col:before{border-top-left-radius:0px;border-top-right-radius:0px;border-bottom-right-radius:0px;border-bottom-left-radius:0px;}.kadence-column3740_068cd4-4b > .kt-inside-inner-col:before{opacity:0.3;}.kadence-column3740_068cd4-4b{position:relative;}<\/style>\n<div class=\"wp-block-kadence-column kadence-column3740_068cd4-4b\"><div class=\"kt-inside-inner-col\">\n<h2 class=\"wp-block-heading\"><strong>V\u1ec0 S\u1ea2N PH\u1ea8M<\/strong><\/h2>\n\n\n\n<h2 class=\"wp-block-heading\">Con L\u0103n Ch\u1ed1ng L\u1ec7ch Nh\u00e1nh H\u1ed3i <br>D\u1ea1ng K\u00e9p C\u1ef1c N\u1eb7ng<\/h2>\n\n\n<style>.wp-block-kadence-spacer.kt-block-spacer-3740_ecc74f-d0 .kt-block-spacer{height:34px;}.wp-block-kadence-spacer.kt-block-spacer-3740_ecc74f-d0 .kt-divider{border-top-width:12px;border-top-color:#ff0e0e;width:25%;border-top-style:solid;}<\/style>\n<div class=\"wp-block-kadence-spacer aligncenter kt-block-spacer-3740_ecc74f-d0\"><div class=\"kt-block-spacer kt-block-spacer-halign-left\"><hr class=\"kt-divider\"\/><\/div><\/div>\n\n\n\n<p style=\"letter-spacing:1px\">B\u1ed9 con l\u0103n ch\u1ed1ng l\u1ec7ch b\u0103ng t\u1ea3i <strong>Tru-Trac\u00ae Dual Return Trackers<\/strong> \u0111\u00e3 \u0111\u01b0\u1ee3c c\u1ea5p b\u1eb1ng s\u00e1ng ch\u1ebf tr\u00ean to\u00e0n c\u1ea7u, \u0111\u01b0\u1ee3c ph\u00e1t tri\u1ec3n \u0111\u1ec3 x\u1eed l\u00fd c\u00e1c l\u1ef1c t\u00e1c \u0111\u1ed9ng l\u1edbn tr\u00ean b\u0103ng t\u1ea3i r\u1ed9ng, t\u1ea3i n\u1eb7ng v\u00e0 t\u1ed1c \u0111\u1ed9 cao (tr\u00ean 4 m\/s). C\u01a1 ch\u1ebf tr\u1ee5c xoay trung t\u00e2m b\u00ean ngo\u00e0i gi\u00fap lo\u1ea1i b\u1ecf nhu c\u1ea7u s\u1eed d\u1ee5ng m\u1ed9t tr\u1ed1ng l\u1edbn duy nh\u1ea5t, \u0111\u1ea3m b\u1ea3o chuy\u1ec3n \u0111\u1ed9ng c\u00e2n b\u1eb1ng v\u00e0 \u0111\u1ed3ng t\u00e2m, k\u00e9o d\u00e0i tu\u1ed5i th\u1ecd v\u00f2ng bi v\u00e0 n\u00e2ng cao hi\u1ec7u su\u1ea5t c\u0103n ch\u1ec9nh. C\u1ea5u h\u00ecnh t\u00e1ch r\u1eddi gi\u00fap h\u1ec7 th\u1ed1ng ph\u1ea3n \u1ee9ng nhanh h\u01a1n v\u00e0 cho ph\u00e9p thay th\u1ebf t\u1eebng con l\u0103n ri\u00eang l\u1ebb khi b\u1ecb m\u00e0i m\u00f2n. Ngo\u00e0i ra, h\u1ec7 th\u1ed1ng n\u00e0y c\u00f3 th\u1ec3 \u0111i\u1ec1u ch\u1ec9nh m\u1ee9c \u0111\u1ed9 dao \u0111\u1ed9ng c\u1ee7a b\u1ed9 c\u0103n ch\u1ec9nh.<\/p>\n<\/div><\/div>\n\n\n<style>.kadence-column3740_2fe265-47 > .kt-inside-inner-col,.kadence-column3740_2fe265-47 > .kt-inside-inner-col:before{border-top-left-radius:0px;border-top-right-radius:0px;border-bottom-right-radius:0px;border-bottom-left-radius:0px;}.kadence-column3740_2fe265-47 > .kt-inside-inner-col:before{opacity:0.3;}.kadence-column3740_2fe265-47{position:relative;}<\/style>\n<div class=\"wp-block-kadence-column kadence-column3740_2fe265-47\"><div class=\"kt-inside-inner-col\">\n<p><br><\/p>\n\n\n<style>.kb-image3740_464e2c-c9.kb-image-is-ratio-size, .kb-image3740_464e2c-c9 .kb-image-is-ratio-size{max-width:503px;width:100%;}.kb-image3740_464e2c-c9 figure{max-width:503px;}.kb-image3740_464e2c-c9 .image-is-svg, .kb-image3740_464e2c-c9 .image-is-svg img{width:100%;}.kb-image3740_464e2c-c9 .kb-image-has-overlay:after{opacity:0.3;}<\/style>\n<div class=\"wp-block-kadence-image kb-image3740_464e2c-c9\"><figure class=\"aligncenter size-full\"><img fetchpriority=\"high\" decoding=\"async\" width=\"1024\" height=\"660\" src=\"https:\/\/congnghebangtai.com\/wp-content\/uploads\/2025\/01\/EXHD-Dual-Return-1024x660-1.png\" alt=\"\" class=\"kb-img wp-image-3089\" srcset=\"https:\/\/congnghebangtai.com\/wp-content\/uploads\/2025\/01\/EXHD-Dual-Return-1024x660-1.png 1024w, https:\/\/congnghebangtai.com\/wp-content\/uploads\/2025\/01\/EXHD-Dual-Return-1024x660-1-300x193.png 300w, https:\/\/congnghebangtai.com\/wp-content\/uploads\/2025\/01\/EXHD-Dual-Return-1024x660-1-768x495.png 768w, https:\/\/congnghebangtai.com\/wp-content\/uploads\/2025\/01\/EXHD-Dual-Return-1024x660-1-700x451.png 700w\" sizes=\"(max-width: 1024px) 100vw, 1024px\" \/><\/figure><\/div>\n<\/div><\/div>\n\n<\/div><\/div>\n\n\n<h3 class=\"wp-block-heading\"><strong>\u0110\u1eb7c \u0110i\u1ec3m N\u1ed5i B\u1eadt<\/strong><\/h3>\n\n\n<style>.wp-block-kadence-spacer.kt-block-spacer-3740_05faee-ee .kt-block-spacer{height:34px;}.wp-block-kadence-spacer.kt-block-spacer-3740_05faee-ee .kt-divider{border-top-width:12px;border-top-color:#ff0e0e;width:12%;border-top-style:solid;}<\/style>\n<div class=\"wp-block-kadence-spacer aligncenter kt-block-spacer-3740_05faee-ee\"><div class=\"kt-block-spacer kt-block-spacer-halign-left\"><hr class=\"kt-divider\"\/><\/div><\/div>\n\n\n\n<ul class=\"wp-block-list\">\n<li style=\"letter-spacing:1px\"><strong>Thi\u1ebft k\u1ebf ch\u1eafc ch\u1eafn, ch\u1ecbu t\u1ea3i n\u1eb7ng<\/strong> \u2013 \u0110\u01b0\u1ee3c thi\u1ebft k\u1ebf \u0111\u1eb7c bi\u1ec7t cho b\u0103ng t\u1ea3i l\u00f5i th\u00e9p c\u01b0\u1eddng \u0111\u1ed9 cao.<\/li>\n\n\n\n<li style=\"letter-spacing:1px\"><strong>H\u1ec7 th\u1ed1ng l\u00e0m k\u00edn b\u1ec1n b\u1ec9<\/strong> \u2013 N\u1eafp th\u00e9p \u00e9p v\u00e0o v\u1ecf v\u00f2ng bi, \u0111\u1ed3ng th\u1eddi ho\u1ea1t \u0111\u1ed9ng nh\u01b0 l\u1edbp b\u1ea3o v\u1ec7 ng\u0103n b\u1ee5i b\u1ea9n x\u00e2m nh\u1eadp.<\/li>\n\n\n\n<li style=\"letter-spacing:1px\"><strong>Ph\u00f9 h\u1ee3p cho b\u0103ng t\u1ea3i t\u1ed1c \u0111\u1ed9 cao<\/strong> \u2013 Ho\u1ea1t \u0111\u1ed9ng hi\u1ec7u qu\u1ea3 v\u1edbi b\u0103ng t\u1ea3i tr\u00ean 4 m\/s.<\/li>\n\n\n\n<li style=\"letter-spacing:1px\"><strong>D\u1ec5 d\u00e0ng thay th\u1ebf con l\u0103n<\/strong> \u2013 C\u00e1c con l\u0103n theo d\u00f5i \u0111\u01b0\u1ee3c g\u1eafn ri\u00eang bi\u1ec7t, c\u00f3 th\u1ec3 thay th\u1ebf t\u1eebng con khi b\u1ecb m\u00e0i m\u00f2n.<\/li>\n\n\n\n<li style=\"letter-spacing:1px\"><strong>Tr\u1ee5c xoay trung t\u00e2m c\u1ea3i ti\u1ebfn<\/strong> \u2013 C\u01a1 ch\u1ebf xoay nh\u1ea1y b\u00e9n v\u1edbi v\u00f2ng bi l\u1ef1c \u0111\u1ea9y b\u00ean trong, c\u00f3 th\u1ec3 b\u00f4i tr\u01a1n d\u1ec5 d\u00e0ng t\u1eeb gi\u00e1 \u0111\u1ee1.<\/li>\n\n\n\n<li style=\"letter-spacing:1px\"><strong>Bu l\u00f4ng c\u0103ng ch\u1ec9nh<\/strong> \u2013 Gi\u00fap \u0111i\u1ec1u ch\u1ec9nh l\u1ef1c c\u0103ng d\u1ec5 d\u00e0ng.<\/li>\n\n\n\n<li style=\"letter-spacing:1px\"><strong>L\u1edbp b\u1ecdc cao su ch\u1ecbu m\u00e0i m\u00f2n cao<\/strong> \u2013 T\u0103ng \u0111\u1ed9 b\u1ec1n v\u00e0 tu\u1ed5i th\u1ecd c\u1ee7a s\u1ea3n ph\u1ea9m.<\/li>\n\n\n\n<li style=\"letter-spacing:1px\"><strong>V\u00f2ng bi<\/strong> \u2013 S\u1eed d\u1ee5ng v\u00f2ng bi r\u00e3nh s\u00e2u ti\u00eau chu\u1ea9n.<\/li>\n\n\n\n<li style=\"letter-spacing:1px\"><strong>Ho\u1ea1t \u0111\u1ed9ng trong m\u1ecdi \u0111i\u1ec1u ki\u1ec7n<\/strong> \u2013 Ph\u1ea3n \u1ee9ng nhanh tr\u00ean c\u1ea3 b\u0103ng t\u1ea3i kh\u00f4 v\u00e0 \u01b0\u1edbt, s\u1eed d\u1ee5ng t\u1ed1t trong h\u1ea7m m\u1ecf ho\u1eb7c tr\u00ean m\u1eb7t \u0111\u1ea5t.<\/li>\n\n\n\n<li style=\"letter-spacing:1px\"><strong>Hi\u1ec7u su\u1ea5t v\u01b0\u1ee3t tr\u1ed9i v\u1edbi b\u0103ng t\u1ea3i \u0111\u1ea3o chi\u1ec1u<\/strong> \u2013 Duy tr\u00ec s\u1ef1 \u1ed5n \u0111\u1ecbnh v\u00e0 ch\u00ednh x\u00e1c khi b\u0103ng t\u1ea3i di chuy\u1ec3n theo c\u1ea3 hai h\u01b0\u1edbng.<\/li>\n\n\n\n<li style=\"letter-spacing:1px\"><strong>Khung ch\u1eafc ch\u1eafn<\/strong> \u2013 T\u1ed5ng chi\u1ec1u cao c\u1ee7a b\u1ed9 c\u0103n ch\u1ec9nh l\u00e0 550mm.<\/li>\n\n\n\n<li style=\"letter-spacing:1px\"><strong>K\u00edch th\u01b0\u1edbc<\/strong> \u2013 D\u00e0nh cho b\u0103ng t\u1ea3i t\u1eeb 750mm \u0111\u1ebfn 2100mm.<br><\/li>\n<\/ul>\n\n\n\n<p><\/p>\n\n\n\n<p><\/p>\n","protected":false},"excerpt":{"rendered":"<p>V\u1ec0 S\u1ea2N PH\u1ea8M Con L\u0103n Ch\u1ed1ng L\u1ec7ch Nh\u00e1nh H\u1ed3i D\u1ea1ng K\u00e9p C\u1ef1c N\u1eb7ng B\u1ed9 con l\u0103n ch\u1ed1ng l\u1ec7ch b\u0103ng t\u1ea3i Tru-Trac\u00ae Dual Return Trackers \u0111\u00e3 \u0111\u01b0\u1ee3c c\u1ea5p b\u1eb1ng s\u00e1ng ch\u1ebf tr\u00ean to\u00e0n c\u1ea7u, \u0111\u01b0\u1ee3c ph\u00e1t tri\u1ec3n \u0111\u1ec3 x\u1eed l\u00fd c\u00e1c l\u1ef1c t\u00e1c \u0111\u1ed9ng l\u1edbn tr\u00ean b\u0103ng t\u1ea3i r\u1ed9ng, t\u1ea3i n\u1eb7ng v\u00e0 t\u1ed1c \u0111\u1ed9 cao (tr\u00ean&#8230;<\/p>\n","protected":false},"author":1,"featured_media":0,"parent":0,"menu_order":0,"comment_status":"closed","ping_status":"closed","template":"","meta":{"_kad_blocks_custom_css":"","_kad_blocks_head_custom_js":"","_kad_blocks_body_custom_js":"","_kad_blocks_footer_custom_js":"","_kad_post_transparent":"","_kad_post_title":"","_kad_post_layout":"","_kad_post_sidebar_id":"","_kad_post_content_style":"","_kad_post_vertical_padding":"","_kad_post_feature":"","_kad_post_feature_position":"","_kad_post_header":false,"_kad_post_footer":false,"footnotes":""},"class_list":["post-3740","page","type-page","status-publish","hentry"],"taxonomy_info":[],"featured_image_src_large":false,"author_info":{"display_name":"admin","author_link":"https:\/\/congnghebangtai.com\/?author=1"},"comment_info":0,"_links":{"self":[{"href":"https:\/\/congnghebangtai.com\/index.php?rest_route=\/wp\/v2\/pages\/3740","targetHints":{"allow":["GET"]}}],"collection":[{"href":"https:\/\/congnghebangtai.com\/index.php?rest_route=\/wp\/v2\/pages"}],"about":[{"href":"https:\/\/congnghebangtai.com\/index.php?rest_route=\/wp\/v2\/types\/page"}],"author":[{"embeddable":true,"href":"https:\/\/congnghebangtai.com\/index.php?rest_route=\/wp\/v2\/users\/1"}],"replies":[{"embeddable":true,"href":"https:\/\/congnghebangtai.com\/index.php?rest_route=%2Fwp%2Fv2%2Fcomments&post=3740"}],"version-history":[{"count":1,"href":"https:\/\/congnghebangtai.com\/index.php?rest_route=\/wp\/v2\/pages\/3740\/revisions"}],"predecessor-version":[{"id":3741,"href":"https:\/\/congnghebangtai.com\/index.php?rest_route=\/wp\/v2\/pages\/3740\/revisions\/3741"}],"wp:attachment":[{"href":"https:\/\/congnghebangtai.com\/index.php?rest_route=%2Fwp%2Fv2%2Fmedia&parent=3740"}],"curies":[{"name":"wp","href":"https:\/\/api.w.org\/{rel}","templated":true}]}}